INSERT INTO STUDENT (STUD_ID, NAME, CREATE_DT, STATUS, S_ID, STDNUMBER) 
                VALUES ('25260420', 'ZACK GASTON NJIE', TO_DATE('2025-08-13', 'YYYY-MM-DD'), 'REGISTERED', 3, '25260420');
INSERT INTO STUDENT_PERSONAL 
        (STUD_ID, S_ID, FIRSTNAME, MIDDLENAME, LASTNAME, GENDER, NATION, TRIBE, DOB, RELIGION) 
        VALUES 
        ('25260420', 3, 'ZACK', 'GASTON', 'NJIE', 'MALE', 'GAMBIAN', 'SERER', TO_DATE('2022-10-01', 'YYYY-MM-DD'), 'CHRISTIANITY');
INSERT INTO STUDENT_CONTACT 
        (STUD_ID, S_ID, HOME_ADD, EMAIL, PHONE, EMERGENCY, CONTACT_NAME) 
        VALUES 
        ('25260420', 3, 'TALLINDING', '', '7544447', '7544447', 'mary jatta njie');
INSERT INTO STUDENT_AUTHOURITY
        (STUD_ID, S_ID, FIRSTNAME, MIDDLENAME, LASTNAME, ADDRESS, PHONE, EMAIL, OCCUPATION, RELATION, FATHER, MOTHER, FATHER_OCCUP, MOTHER_OCCUP, PHOTO, WHATSAPP)
        VALUES
        ('25260420', 3, 'MARY', '', 'NJIE', 'TALLINDING', '7544447', '', 'BUISINESS WOMAN', 'PARENT', '', '', '', '', NULL, '7544447');
INSERT INTO STUDENT_ACADEMIC 
        (STUD_ID, S_ID, CLASS,PREV_SCHOOL,ACADEMIC_YEAR) 
        VALUES 
        ('25260420', 3,'1','NDOWS DAY CARE AND NURSEY SCHOOL','2025/2026 ACADEMIC YEAR');
INSERT INTO STUDENT_MEDICAL 
        (STUD_ID, S_ID, ALLERGY, CONDITION, MEDICATIONS) 
        VALUES 
        ('25260420', 3, 'NONE', 'NONE', 'NONE');
INSERT INTO STUDENT (STUD_ID, NAME, CREATE_DT, STATUS, S_ID, STDNUMBER) 
                VALUES ('25260421', 'HADDY  GAYE', TO_DATE('2025-08-13', 'YYYY-MM-DD'), 'REGISTERED', 3, '25260421');
INSERT INTO STUDENT_PERSONAL 
        (STUD_ID, S_ID, FIRSTNAME, MIDDLENAME, LASTNAME, GENDER, NATION, TRIBE, DOB, RELIGION) 
        VALUES 
        ('25260421', 3, 'HADDY', '', 'GAYE', 'FEMALE', 'GAMBIAN', 'WOLOF', TO_DATE('2020-12-09', 'YYYY-MM-DD'), 'ISLAM');
INSERT INTO STUDENT_CONTACT 
        (STUD_ID, S_ID, HOME_ADD, EMAIL, PHONE, EMERGENCY, CONTACT_NAME) 
        VALUES 
        ('25260421', 3, 'LATRIKUNDA GERMAN', '', '7999899', '6536631', 'Ida Sowe');
INSERT INTO STUDENT_AUTHOURITY
        (STUD_ID, S_ID, FIRSTNAME, MIDDLENAME, LASTNAME, ADDRESS, PHONE, EMAIL, OCCUPATION, RELATION, FATHER, MOTHER, FATHER_OCCUP, MOTHER_OCCUP, PHOTO, WHATSAPP)
        VALUES
        ('25260421', 3, 'IDA', '', 'SOWE', 'LATRIKUNDA GERMAN', '6536631', '', 'BUSSINESS WOMAN', 'GUARDIAN', '', '', '', '', NULL, '6536631');
INSERT INTO STUDENT_ACADEMIC 
        (STUD_ID, S_ID, CLASS,PREV_SCHOOL,ACADEMIC_YEAR) 
        VALUES 
        ('25260421', 3,'1','NDOWS DAY CARE AND NURSEY SCHOOL','2025/2026 ACADEMIC YEAR');
INSERT INTO STUDENT_MEDICAL 
        (STUD_ID, S_ID, ALLERGY, CONDITION, MEDICATIONS) 
        VALUES 
        ('25260421', 3, 'None', 'None', 'None');
INSERT INTO STUDENT (STUD_ID, NAME, CREATE_DT, STATUS, S_ID, STDNUMBER) 
                VALUES ('25260422', 'MUHAMMED LAMIN SAHO', TO_DATE('2025-08-13', 'YYYY-MM-DD'), 'REGISTERED', 3, '25260422');
INSERT INTO STUDENT_PERSONAL 
        (STUD_ID, S_ID, FIRSTNAME, MIDDLENAME, LASTNAME, GENDER, NATION, TRIBE, DOB, RELIGION) 
        VALUES 
        ('25260422', 3, 'MUHAMMED', 'LAMIN', 'SAHO', 'MALE', 'GAMBIAN', 'SERAHULI', TO_DATE('2020-12-11', 'YYYY-MM-DD'), 'ISLAM');
INSERT INTO STUDENT_CONTACT 
        (STUD_ID, S_ID, HOME_ADD, EMAIL, PHONE, EMERGENCY, CONTACT_NAME) 
        VALUES 
        ('25260422', 3, 'LATRIKUNDA GERMAN', 'ANTOU.SAHO17@GMAIL.COM', '3552122', '7996900', 'Antou Saho');
INSERT INTO STUDENT_AUTHOURITY
        (STUD_ID, S_ID, FIRSTNAME, MIDDLENAME, LASTNAME, ADDRESS, PHONE, EMAIL, OCCUPATION, RELATION, FATHER, MOTHER, FATHER_OCCUP, MOTHER_OCCUP, PHOTO, WHATSAPP)
        VALUES
        ('25260422', 3, 'BINTA', '', 'TRAWALLY', 'LATRIKUNDA GERMAN', '3678884', 'ANTOU.SAHO17@GMAIL.COM', 'AUDITOR', 'PARENT', '', '', '', '', NULL, '3678884');
INSERT INTO STUDENT_ACADEMIC 
        (STUD_ID, S_ID, CLASS,PREV_SCHOOL,ACADEMIC_YEAR) 
        VALUES 
        ('25260422', 3,'1','NDOWS DAY CARE AND NURSEY SCHOOL','2025/2026 ACADEMIC YEAR');
INSERT INTO STUDENT_MEDICAL 
        (STUD_ID, S_ID, ALLERGY, CONDITION, MEDICATIONS) 
        VALUES 
        ('25260422', 3, 'None', 'None', 'None');
INSERT INTO STUDENT (STUD_ID, NAME, CREATE_DT, STATUS, S_ID, STDNUMBER) 
                VALUES ('25260423', 'EBRIMA  DARBOE', TO_DATE('2025-08-13', 'YYYY-MM-DD'), 'REGISTERED', 3, '25260423');
INSERT INTO STUDENT_PERSONAL 
        (STUD_ID, S_ID, FIRSTNAME, MIDDLENAME, LASTNAME, GENDER, NATION, TRIBE, DOB, RELIGION) 
        VALUES 
        ('25260423', 3, 'EBRIMA', '', 'DARBOE', 'MALE', 'GAMBIAN', 'MANDINKA', TO_DATE('2022-08-21', 'YYYY-MM-DD'), 'ISLAM');
INSERT INTO STUDENT_CONTACT 
        (STUD_ID, S_ID, HOME_ADD, EMAIL, PHONE, EMERGENCY, CONTACT_NAME) 
        VALUES 
        ('25260423', 3, 'NEW JESHWANG', '', '2057220', '2057220', 'aja njie');
INSERT INTO STUDENT_AUTHOURITY
        (STUD_ID, S_ID, FIRSTNAME, MIDDLENAME, LASTNAME, ADDRESS, PHONE, EMAIL, OCCUPATION, RELATION, FATHER, MOTHER, FATHER_OCCUP, MOTHER_OCCUP, PHOTO, WHATSAPP)
        VALUES
        ('25260423', 3, 'AJA', '', 'NJIE', 'NEW JESHWANG', '2057220', '', 'BUISINESS WOMAN', 'PARENT', '', '', '', '', NULL, '2057220');
INSERT INTO STUDENT_ACADEMIC 
        (STUD_ID, S_ID, CLASS,PREV_SCHOOL,ACADEMIC_YEAR) 
        VALUES 
        ('25260423', 3,'1','NDOWS DAY CARE AND NURSEY SCHOOL','2025/2026 ACADEMIC YEAR');
INSERT INTO STUDENT_MEDICAL 
        (STUD_ID, S_ID, ALLERGY, CONDITION, MEDICATIONS) 
        VALUES 
        ('25260423', 3, 'NONE', 'NONE', 'NONE');
INSERT INTO STUDENT (STUD_ID, NAME, CREATE_DT, STATUS, S_ID, STDNUMBER) 
                VALUES ('25260424', 'EJATOU  JALLOW', TO_DATE('2025-08-13', 'YYYY-MM-DD'), 'REGISTERED', 3, '25260424');
INSERT INTO STUDENT_PERSONAL 
        (STUD_ID, S_ID, FIRSTNAME, MIDDLENAME, LASTNAME, GENDER, NATION, TRIBE, DOB, RELIGION) 
        VALUES 
        ('25260424', 3, 'EJATOU', '', 'JALLOW', 'FEMALE', 'GAMBIAN', 'FULA', TO_DATE('2019-06-15', 'YYYY-MM-DD'), 'ISLAM');
INSERT INTO STUDENT_CONTACT 
        (STUD_ID, S_ID, HOME_ADD, EMAIL, PHONE, EMERGENCY, CONTACT_NAME) 
        VALUES 
        ('25260424', 3, 'NEMA KUNKU', '', '7020202', '7020202', 'Amadou Jallow');
INSERT INTO STUDENT_AUTHOURITY
        (STUD_ID, S_ID, FIRSTNAME, MIDDLENAME, LASTNAME, ADDRESS, PHONE, EMAIL, OCCUPATION, RELATION, FATHER, MOTHER, FATHER_OCCUP, MOTHER_OCCUP, PHOTO, WHATSAPP)
        VALUES
        ('25260424', 3, 'AMADOU', '', 'JALLOW', 'NEMA KUNKU', '7020202', '', 'BUSSINESSMAN', '', '', '', '', '', NULL, '2255108');
INSERT INTO STUDENT_ACADEMIC 
        (STUD_ID, S_ID, CLASS,PREV_SCHOOL,ACADEMIC_YEAR) 
        VALUES 
        ('25260424', 3,'1','NDOWS DAY CARE AND NURSEY SCHOOL','2025/2026 ACADEMIC YEAR');
INSERT INTO STUDENT_MEDICAL 
        (STUD_ID, S_ID, ALLERGY, CONDITION, MEDICATIONS) 
        VALUES 
        ('25260424', 3, 'None', 'None', 'None');
INSERT INTO STUDENT (STUD_ID, NAME, CREATE_DT, STATUS, S_ID, STDNUMBER) 
                VALUES ('25260425', 'FATIMA LAYLA JALLOW', TO_DATE('2025-08-13', 'YYYY-MM-DD'), 'REGISTERED', 3, '25260425');
INSERT INTO STUDENT_PERSONAL 
        (STUD_ID, S_ID, FIRSTNAME, MIDDLENAME, LASTNAME, GENDER, NATION, TRIBE, DOB, RELIGION) 
        VALUES 
        ('25260425', 3, 'FATIMA', 'LAYLA', 'JALLOW', 'FEMALE', 'GAMBIAN', 'FULA', TO_DATE('2020-10-19', 'YYYY-MM-DD'), 'ISLAM');
INSERT INTO STUDENT_CONTACT 
        (STUD_ID, S_ID, HOME_ADD, EMAIL, PHONE, EMERGENCY, CONTACT_NAME) 
        VALUES 
        ('25260425', 3, 'LATRIKUNDA SABIJI', 'BAHJARIATOU11@GMAIL.COM', '7431186', '7431186', 'Jariatou Bah');
INSERT INTO STUDENT_AUTHOURITY
        (STUD_ID, S_ID, FIRSTNAME, MIDDLENAME, LASTNAME, ADDRESS, PHONE, EMAIL, OCCUPATION, RELATION, FATHER, MOTHER, FATHER_OCCUP, MOTHER_OCCUP, PHOTO, WHATSAPP)
        VALUES
        ('25260425', 3, 'JARIATOU', '', 'BAH', 'LATRIKUNDA SABIJI', '3185386', 'BAHJARIATOU11@GMAIL.COM', 'OPTOMETRIST', '', '', '', '', '', NULL, '7431186');
INSERT INTO STUDENT_ACADEMIC 
        (STUD_ID, S_ID, CLASS,PREV_SCHOOL,ACADEMIC_YEAR) 
        VALUES 
        ('25260425', 3,'1','NDOWS DAY CARE AND NURSEY SCHOOL','2025/2026 ACADEMIC YEAR');
INSERT INTO STUDENT_MEDICAL 
        (STUD_ID, S_ID, ALLERGY, CONDITION, MEDICATIONS) 
        VALUES 
        ('25260425', 3, 'None', 'None', 'None');
INSERT INTO STUDENT (STUD_ID, NAME, CREATE_DT, STATUS, S_ID, STDNUMBER) 
                VALUES ('25260426', 'ELEONORE JEANNE MONICA OGOO', TO_DATE('2025-08-13', 'YYYY-MM-DD'), 'REGISTERED', 3, '25260426');
INSERT INTO STUDENT_PERSONAL 
        (STUD_ID, S_ID, FIRSTNAME, MIDDLENAME, LASTNAME, GENDER, NATION, TRIBE, DOB, RELIGION) 
        VALUES 
        ('25260426', 3, 'ELEONORE', 'JEANNE MONICA', 'OGOO', 'FEMALE', 'GAMBIAN', 'AKU', TO_DATE('2020-12-22', 'YYYY-MM-DD'), 'CHRISTIANITY');
INSERT INTO STUDENT_CONTACT 
        (STUD_ID, S_ID, HOME_ADD, EMAIL, PHONE, EMERGENCY, CONTACT_NAME) 
        VALUES 
        ('25260426', 3, 'KANIFING ESTATE', '', '7000088', '7000088', 'marian louise joof');
INSERT INTO STUDENT_AUTHOURITY
        (STUD_ID, S_ID, FIRSTNAME, MIDDLENAME, LASTNAME, ADDRESS, PHONE, EMAIL, OCCUPATION, RELATION, FATHER, MOTHER, FATHER_OCCUP, MOTHER_OCCUP, PHOTO, WHATSAPP)
        VALUES
        ('25260426', 3, 'MARIAN', '', 'JOOF', 'KANIFING ESTATE', '7000088', '', 'BUISINESS WOMAN', 'PARENT', '', '', '', '', NULL, '7000088');
INSERT INTO STUDENT_ACADEMIC 
        (STUD_ID, S_ID, CLASS,PREV_SCHOOL,ACADEMIC_YEAR) 
        VALUES 
        ('25260426', 3,'1','NDOWS DAY CARE AND NURSEY SCHOOL','2025/2026 ACADEMIC YEAR');
INSERT INTO STUDENT_MEDICAL 
        (STUD_ID, S_ID, ALLERGY, CONDITION, MEDICATIONS) 
        VALUES 
        ('25260426', 3, 'NONE', 'NONE', 'NONE');
INSERT INTO STUDENT (STUD_ID, NAME, CREATE_DT, STATUS, S_ID, STDNUMBER) 
                VALUES ('25260427', 'IDA  BANDEH', TO_DATE('2025-08-13', 'YYYY-MM-DD'), 'REGISTERED', 3, '25260427');
INSERT INTO STUDENT_PERSONAL 
        (STUD_ID, S_ID, FIRSTNAME, MIDDLENAME, LASTNAME, GENDER, NATION, TRIBE, DOB, RELIGION) 
        VALUES 
        ('25260427', 3, 'IDA', '', 'BANDEH', 'FEMALE', 'GAMBIAN', 'FULA', TO_DATE('2020-01-03', 'YYYY-MM-DD'), 'ISLAM');
INSERT INTO STUDENT_CONTACT 
        (STUD_ID, S_ID, HOME_ADD, EMAIL, PHONE, EMERGENCY, CONTACT_NAME) 
        VALUES 
        ('25260427', 3, 'KANIFING SOUTH', 'DBANDEH77@GMAIL.COM', '3579633', '3579633', 'dawda bandeh');
INSERT INTO STUDENT_AUTHOURITY
        (STUD_ID, S_ID, FIRSTNAME, MIDDLENAME, LASTNAME, ADDRESS, PHONE, EMAIL, OCCUPATION, RELATION, FATHER, MOTHER, FATHER_OCCUP, MOTHER_OCCUP, PHOTO, WHATSAPP)
        VALUES
        ('25260427', 3, 'DAWDA', '', 'BANDEH', 'KANIFING SOUTH', '3579633', 'DBANDEH77@GMAIL.COM', 'PROCUREMENT OFFICER', 'PARENT', '', '', '', '', NULL, '3579633');
INSERT INTO STUDENT_ACADEMIC 
        (STUD_ID, S_ID, CLASS,PREV_SCHOOL,ACADEMIC_YEAR) 
        VALUES 
        ('25260427', 3,'1','NDOWS DAY CARE AND NURSEY SCHOOL','2025/2026 ACADEMIC YEAR');
INSERT INTO STUDENT_MEDICAL 
        (STUD_ID, S_ID, ALLERGY, CONDITION, MEDICATIONS) 
        VALUES 
        ('25260427', 3, 'NONE', 'NONE', 'NONE');
INSERT INTO STUDENT (STUD_ID, NAME, CREATE_DT, STATUS, S_ID, STDNUMBER) 
                VALUES ('25260428', 'MARIE MADELINE MENDY', TO_DATE('2025-08-13', 'YYYY-MM-DD'), 'REGISTERED', 3, '25260428');
INSERT INTO STUDENT_PERSONAL 
        (STUD_ID, S_ID, FIRSTNAME, MIDDLENAME, LASTNAME, GENDER, NATION, TRIBE, DOB, RELIGION) 
        VALUES 
        ('25260428', 3, 'MARIE', 'MADELINE', 'MENDY', 'FEMALE', 'GAMBIAN', 'MANJAGO', TO_DATE('2020-11-28', 'YYYY-MM-DD'), 'CHRISTIANITY');
INSERT INTO STUDENT_CONTACT 
        (STUD_ID, S_ID, HOME_ADD, EMAIL, PHONE, EMERGENCY, CONTACT_NAME) 
        VALUES 
        ('25260428', 3, 'WILLINGARA', 'JPHILLS2007@GMAIL.COM', '3462924', '3462924', 'JOHN PAUL');
INSERT INTO STUDENT_AUTHOURITY
        (STUD_ID, S_ID, FIRSTNAME, MIDDLENAME, LASTNAME, ADDRESS, PHONE, EMAIL, OCCUPATION, RELATION, FATHER, MOTHER, FATHER_OCCUP, MOTHER_OCCUP, PHOTO, WHATSAPP)
        VALUES
        ('25260428', 3, 'JOHN', '', 'PAUL', 'MENDY', '3462924', 'JPHILLS2007@GMAIL.COM', 'BANKER', 'PARENT', '', '', '', '', NULL, '3462924');
INSERT INTO STUDENT_ACADEMIC 
        (STUD_ID, S_ID, CLASS,PREV_SCHOOL,ACADEMIC_YEAR) 
        VALUES 
        ('25260428', 3,'1','NDOWS DAY CARE AND NURSEY SCHOOL','2025/2026 ACADEMIC YEAR');
INSERT INTO STUDENT_MEDICAL 
        (STUD_ID, S_ID, ALLERGY, CONDITION, MEDICATIONS) 
        VALUES 
        ('25260428', 3, 'NONE', 'NONE', 'NONE');
INSERT INTO STUDENT (STUD_ID, NAME, CREATE_DT, STATUS, S_ID, STDNUMBER) 
                VALUES ('25260429', 'KHADIJA B SAIDY', TO_DATE('2025-08-13', 'YYYY-MM-DD'), 'REGISTERED', 3, '25260429');
INSERT INTO STUDENT_PERSONAL 
        (STUD_ID, S_ID, FIRSTNAME, MIDDLENAME, LASTNAME, GENDER, NATION, TRIBE, DOB, RELIGION) 
        VALUES 
        ('25260429', 3, 'KHADIJA', 'B', 'SAIDY', 'FEMALE', 'GAMBIAN', 'FULA', TO_DATE('2020-10-25', 'YYYY-MM-DD'), 'ISLAM');
INSERT INTO STUDENT_CONTACT 
        (STUD_ID, S_ID, HOME_ADD, EMAIL, PHONE, EMERGENCY, CONTACT_NAME) 
        VALUES 
        ('25260429', 3, 'MAJAI KUNDA', '', '7216065', '7216065', 'nyima drammeh');
INSERT INTO STUDENT_AUTHOURITY
        (STUD_ID, S_ID, FIRSTNAME, MIDDLENAME, LASTNAME, ADDRESS, PHONE, EMAIL, OCCUPATION, RELATION, FATHER, MOTHER, FATHER_OCCUP, MOTHER_OCCUP, PHOTO, WHATSAPP)
        VALUES
        ('25260429', 3, 'NYIMA', '', 'DRAMMEH', 'MANJAI KUNDA', '7216065', 'NYIMADRAMMEH@GMAIL.COM', 'BUSINESS WOMAN', 'PARENT', '', '', '', '', NULL, '7216065');
INSERT INTO STUDENT_ACADEMIC 
        (STUD_ID, S_ID, CLASS,PREV_SCHOOL,ACADEMIC_YEAR) 
        VALUES 
        ('25260429', 3,'1','NDOWS DAY CARE AND NURSEY SCHOOL','2025/2026 ACADEMIC YEAR');
INSERT INTO STUDENT_MEDICAL 
        (STUD_ID, S_ID, ALLERGY, CONDITION, MEDICATIONS) 
        VALUES 
        ('25260429', 3, 'NONE', 'NONE', 'NONE');
INSERT INTO STUDENT (STUD_ID, NAME, CREATE_DT, STATUS, S_ID, STDNUMBER) 
                VALUES ('25260430', 'WALLY O MANNEH', TO_DATE('2025-08-13', 'YYYY-MM-DD'), 'REGISTERED', 3, '25260430');
INSERT INTO STUDENT_PERSONAL 
        (STUD_ID, S_ID, FIRSTNAME, MIDDLENAME, LASTNAME, GENDER, NATION, TRIBE, DOB, RELIGION) 
        VALUES 
        ('25260430', 3, 'WALLY', 'O', 'MANNEH', 'MALE', 'GAMBIAN', 'MANDINKA', TO_DATE('2020-02-04', 'YYYY-MM-DD'), 'ISLAM');
INSERT INTO STUDENT_CONTACT 
        (STUD_ID, S_ID, HOME_ADD, EMAIL, PHONE, EMERGENCY, CONTACT_NAME) 
        VALUES 
        ('25260430', 3, 'SUKUTA LAMBAI', 'AJIMARIAMASENGHORE23@GMAIL.COM', '7553788', '7553788', 'AJI MARIAMA');
INSERT INTO STUDENT_AUTHOURITY
        (STUD_ID, S_ID, FIRSTNAME, MIDDLENAME, LASTNAME, ADDRESS, PHONE, EMAIL, OCCUPATION, RELATION, FATHER, MOTHER, FATHER_OCCUP, MOTHER_OCCUP, PHOTO, WHATSAPP)
        VALUES
        ('25260430', 3, 'AJI', '', 'MARIAMA', 'SENGHORE', '7553788', 'AJIMARIAMASENGHORE23@GMAIL.COM', 'EXECUTIVE ASSISTANT', 'PARENT', '', '', '', '', NULL, '7553788');
INSERT INTO STUDENT_ACADEMIC 
        (STUD_ID, S_ID, CLASS,PREV_SCHOOL,ACADEMIC_YEAR) 
        VALUES 
        ('25260430', 3,'1','NDOWS DAY CARE AND NURSEY SCHOOL','2025/2026 ACADEMIC YEAR');
INSERT INTO STUDENT_MEDICAL 
        (STUD_ID, S_ID, ALLERGY, CONDITION, MEDICATIONS) 
        VALUES 
        ('25260430', 3, 'NONE', 'NONE', 'NONE');
INSERT INTO STUDENT (STUD_ID, NAME, CREATE_DT, STATUS, S_ID, STDNUMBER) 
                VALUES ('25260431', 'PRINCESS JOSEPHINE CABRAL', TO_DATE('2025-08-13', 'YYYY-MM-DD'), 'REGISTERED', 3, '25260431');
INSERT INTO STUDENT_PERSONAL 
        (STUD_ID, S_ID, FIRSTNAME, MIDDLENAME, LASTNAME, GENDER, NATION, TRIBE, DOB, RELIGION) 
        VALUES 
        ('25260431', 3, 'PRINCESS', 'JOSEPHINE', 'CABRAL', 'FEMALE', 'GAMBIAN', 'OTHER', TO_DATE('2020-07-22', 'YYYY-MM-DD'), 'CHRISTIANITY');
INSERT INTO STUDENT_CONTACT 
        (STUD_ID, S_ID, HOME_ADD, EMAIL, PHONE, EMERGENCY, CONTACT_NAME) 
        VALUES 
        ('25260431', 3, 'CHURCHILLS TOWN', 'BETTYSYLVACAB@GMAIL.COM', '7369750', '7929035', 'BETTY SYLVA');
INSERT INTO STUDENT_AUTHOURITY
        (STUD_ID, S_ID, FIRSTNAME, MIDDLENAME, LASTNAME, ADDRESS, PHONE, EMAIL, OCCUPATION, RELATION, FATHER, MOTHER, FATHER_OCCUP, MOTHER_OCCUP, PHOTO, WHATSAPP)
        VALUES
        ('25260431', 3, 'BETTY', '', 'M', 'SYLVA', '7369750', 'BETTYSYLVACAB@GMAIL.COM', 'IT TECHNICIAN', 'PARENT', '', '', '', '', NULL, '7369750');
INSERT INTO STUDENT_ACADEMIC 
        (STUD_ID, S_ID, CLASS,PREV_SCHOOL,ACADEMIC_YEAR) 
        VALUES 
        ('25260431', 3,'1','NDOWS DAY CARE AND NURSEY SCHOOL','2025/2026 ACADEMIC YEAR');
INSERT INTO STUDENT_MEDICAL 
        (STUD_ID, S_ID, ALLERGY, CONDITION, MEDICATIONS) 
        VALUES 
        ('25260431', 3, 'NONE', 'NONE', 'NONE');
INSERT INTO STUDENT (STUD_ID, NAME, CREATE_DT, STATUS, S_ID, STDNUMBER) 
                VALUES ('25260432', 'EBRAHIM KELEPHA NJIE', TO_DATE('2025-08-13', 'YYYY-MM-DD'), 'REGISTERED', 3, '25260432');
INSERT INTO STUDENT_PERSONAL 
        (STUD_ID, S_ID, FIRSTNAME, MIDDLENAME, LASTNAME, GENDER, NATION, TRIBE, DOB, RELIGION) 
        VALUES 
        ('25260432', 3, 'EBRAHIM', 'KELEPHA', 'NJIE', 'MALE', 'GAMBIAN', 'WOLOF', TO_DATE('2020-08-13', 'YYYY-MM-DD'), 'ISLAM');
INSERT INTO STUDENT_CONTACT 
        (STUD_ID, S_ID, HOME_ADD, EMAIL, PHONE, EMERGENCY, CONTACT_NAME) 
        VALUES 
        ('25260432', 3, 'BAKAU NEW TOWN', '', '9982196', '9982196', 'abdoulie njie');
INSERT INTO STUDENT_AUTHOURITY
        (STUD_ID, S_ID, FIRSTNAME, MIDDLENAME, LASTNAME, ADDRESS, PHONE, EMAIL, OCCUPATION, RELATION, FATHER, MOTHER, FATHER_OCCUP, MOTHER_OCCUP, PHOTO, WHATSAPP)
        VALUES
        ('25260432', 3, 'ABDOULIE', '', 'NJIE', 'BAKAU NEW TOWN', '9982196', '', 'CIVIL SERVANT', 'PARENT', '', '', '', '', NULL, '9982196');
INSERT INTO STUDENT_ACADEMIC 
        (STUD_ID, S_ID, CLASS,PREV_SCHOOL,ACADEMIC_YEAR) 
        VALUES 
        ('25260432', 3,'1','NDOWS DAY CARE AND NURSEY SCHOOL','2025/2026 ACADEMIC YEAR');
INSERT INTO STUDENT_MEDICAL 
        (STUD_ID, S_ID, ALLERGY, CONDITION, MEDICATIONS) 
        VALUES 
        ('25260432', 3, 'NONE', 'NONE', 'NONE');
INSERT INTO STUDENT (STUD_ID, NAME, CREATE_DT, STATUS, S_ID, STDNUMBER) 
                VALUES ('25260433', 'AMINATA  CHAM', TO_DATE('2025-08-13', 'YYYY-MM-DD'), 'REGISTERED', 3, '25260433');
INSERT INTO STUDENT_PERSONAL 
        (STUD_ID, S_ID, FIRSTNAME, MIDDLENAME, LASTNAME, GENDER, NATION, TRIBE, DOB, RELIGION) 
        VALUES 
        ('25260433', 3, 'AMINATA', '', 'CHAM', 'FEMALE', 'GAMBIAN', 'WOLOF', TO_DATE('2020-11-13', 'YYYY-MM-DD'), 'ISLAM');
INSERT INTO STUDENT_CONTACT 
        (STUD_ID, S_ID, HOME_ADD, EMAIL, PHONE, EMERGENCY, CONTACT_NAME) 
        VALUES 
        ('25260433', 3, 'SUKUTA', '', '3145306', '3145306', 'RAMOU BADJIE');
INSERT INTO STUDENT_AUTHOURITY
        (STUD_ID, S_ID, FIRSTNAME, MIDDLENAME, LASTNAME, ADDRESS, PHONE, EMAIL, OCCUPATION, RELATION, FATHER, MOTHER, FATHER_OCCUP, MOTHER_OCCUP, PHOTO, WHATSAPP)
        VALUES
        ('25260433', 3, 'RAMOU', '', 'BADJIE', 'SUKUTA', '3145306', '', 'MAKEUP ARTIST', 'PARENT', '', '', '', '', NULL, '3145306');
INSERT INTO STUDENT_ACADEMIC 
        (STUD_ID, S_ID, CLASS,PREV_SCHOOL,ACADEMIC_YEAR) 
        VALUES 
        ('25260433', 3,'1','NDOWS DAY CARE AND NURSEY SCHOOL','2025/2026 ACADEMIC YEAR');
INSERT INTO STUDENT_MEDICAL 
        (STUD_ID, S_ID, ALLERGY, CONDITION, MEDICATIONS) 
        VALUES 
        ('25260433', 3, 'NONE', 'NONE', 'NONE');
INSERT INTO STUDENT (STUD_ID, NAME, CREATE_DT, STATUS, S_ID, STDNUMBER) 
                VALUES ('25260434', 'CHRISTIANA SENORAH SARR', TO_DATE('2025-08-13', 'YYYY-MM-DD'), 'REGISTERED', 3, '25260434');
INSERT INTO STUDENT_PERSONAL 
        (STUD_ID, S_ID, FIRSTNAME, MIDDLENAME, LASTNAME, GENDER, NATION, TRIBE, DOB, RELIGION) 
        VALUES 
        ('25260434', 3, 'CHRISTIANA', 'SENORAH', 'SARR', 'FEMALE', 'GAMBIAN', 'SERER', TO_DATE('2020-07-14', 'YYYY-MM-DD'), 'CHRISTIANITY');
INSERT INTO STUDENT_CONTACT 
        (STUD_ID, S_ID, HOME_ADD, EMAIL, PHONE, EMERGENCY, CONTACT_NAME) 
        VALUES 
        ('25260434', 3, 'BAKOTEH LAYOUT', 'SAINEBERTHA@GMAIL', '3446188', '3446188', 'providence sarr');
INSERT INTO STUDENT_AUTHOURITY
        (STUD_ID, S_ID, FIRSTNAME, MIDDLENAME, LASTNAME, ADDRESS, PHONE, EMAIL, OCCUPATION, RELATION, FATHER, MOTHER, FATHER_OCCUP, MOTHER_OCCUP, PHOTO, WHATSAPP)
        VALUES
        ('25260434', 3, 'PROVIDENCE', '', 'SARR', 'BAKOTEH LAYOUT', '3446188', 'SAINEBERTHA@GMAIL.COM', 'ACCUNTANT', 'PARENT', '', '', '', '', NULL, '3446188');
INSERT INTO STUDENT_ACADEMIC 
        (STUD_ID, S_ID, CLASS,PREV_SCHOOL,ACADEMIC_YEAR) 
        VALUES 
        ('25260434', 3,'1','NDOWS DAY CARE AND NURSEY SCHOOL','2025/2026 ACADEMIC YEAR');
INSERT INTO STUDENT_MEDICAL 
        (STUD_ID, S_ID, ALLERGY, CONDITION, MEDICATIONS) 
        VALUES 
        ('25260434', 3, 'NONE', 'NONE', 'NONE');
INSERT INTO STUDENT (STUD_ID, NAME, CREATE_DT, STATUS, S_ID, STDNUMBER) 
                VALUES ('25260435', 'PAULINE CLARE JARLEY', TO_DATE('2025-08-13', 'YYYY-MM-DD'), 'REGISTERED', 3, '25260435');
INSERT INTO STUDENT_PERSONAL 
        (STUD_ID, S_ID, FIRSTNAME, MIDDLENAME, LASTNAME, GENDER, NATION, TRIBE, DOB, RELIGION) 
        VALUES 
        ('25260435', 3, 'PAULINE', 'CLARE', 'JARLEY', 'FEMALE', 'GAMBIAN', 'JOLA', TO_DATE('2020-07-12', 'YYYY-MM-DD'), 'CHRISTIANITY');
INSERT INTO STUDENT_CONTACT 
        (STUD_ID, S_ID, HOME_ADD, EMAIL, PHONE, EMERGENCY, CONTACT_NAME) 
        VALUES 
        ('25260435', 3, 'PIPELINE', 'MARTHAJATTA108@GMAIL.COM', '3444035', '3444035', 'MARTHA');
INSERT INTO STUDENT_AUTHOURITY
        (STUD_ID, S_ID, FIRSTNAME, MIDDLENAME, LASTNAME, ADDRESS, PHONE, EMAIL, OCCUPATION, RELATION, FATHER, MOTHER, FATHER_OCCUP, MOTHER_OCCUP, PHOTO, WHATSAPP)
        VALUES
        ('25260435', 3, 'MARTHA', '', 'JARLEY', 'PIPELINE', '3444035', 'MARTHAJATTA108@GMAIL.COM', 'CLEARING AGENT', 'PARENT', '', '', '', '', NULL, '3444035');
INSERT INTO STUDENT_ACADEMIC 
        (STUD_ID, S_ID, CLASS,PREV_SCHOOL,ACADEMIC_YEAR) 
        VALUES 
        ('25260435', 3,'1','NDOWS DAY CARE AND NURSEY SCHOOL','2025/2026 ACADEMIC YEAR');
INSERT INTO STUDENT_MEDICAL 
        (STUD_ID, S_ID, ALLERGY, CONDITION, MEDICATIONS) 
        VALUES 
        ('25260435', 3, 'NONE', 'NONE', 'NONE');
INSERT INTO STUDENT (STUD_ID, NAME, CREATE_DT, STATUS, S_ID, STDNUMBER) 
                VALUES ('25260436', 'KHADIJJAH A S JARJU', TO_DATE('2025-08-13', 'YYYY-MM-DD'), 'REGISTERED', 3, '25260436');
INSERT INTO STUDENT_PERSONAL 
        (STUD_ID, S_ID, FIRSTNAME, MIDDLENAME, LASTNAME, GENDER, NATION, TRIBE, DOB, RELIGION) 
        VALUES 
        ('25260436', 3, 'KHADIJJAH', 'A S', 'JARJU', 'FEMALE', 'GAMBIAN', 'JOLA', TO_DATE('2020-03-08', 'YYYY-MM-DD'), 'ISLAM');
INSERT INTO STUDENT_CONTACT 
        (STUD_ID, S_ID, HOME_ADD, EMAIL, PHONE, EMERGENCY, CONTACT_NAME) 
        VALUES 
        ('25260436', 3, 'KANIFING ESTATE', 'BABUJARJU607@GMAIL.COM', '3010028', '3010028', 'saffiatou touray');
INSERT INTO STUDENT_AUTHOURITY
        (STUD_ID, S_ID, FIRSTNAME, MIDDLENAME, LASTNAME, ADDRESS, PHONE, EMAIL, OCCUPATION, RELATION, FATHER, MOTHER, FATHER_OCCUP, MOTHER_OCCUP, PHOTO, WHATSAPP)
        VALUES
        ('25260436', 3, 'SAFFIATOU', '', 'TOURAY', 'COASTAL ROAD', '3010028', 'BUBAJARJU607@GMAIL.COM', 'CASHIER', 'PARENT', '', '', '', '', NULL, '3010028');
INSERT INTO STUDENT_ACADEMIC 
        (STUD_ID, S_ID, CLASS,PREV_SCHOOL,ACADEMIC_YEAR) 
        VALUES 
        ('25260436', 3,'1','NDOWS DAY CARE AND NURSEY SCHOOL','2025/2026 ACADEMIC YEAR');
INSERT INTO STUDENT_MEDICAL 
        (STUD_ID, S_ID, ALLERGY, CONDITION, MEDICATIONS) 
        VALUES 
        ('25260436', 3, 'NONE', 'NONE', 'NONE');
INSERT INTO STUDENT (STUD_ID, NAME, CREATE_DT, STATUS, S_ID, STDNUMBER) 
                VALUES ('25260437', 'SAIKOU  DARBOE', TO_DATE('2025-08-13', 'YYYY-MM-DD'), 'REGISTERED', 3, '25260437');
INSERT INTO STUDENT_PERSONAL 
        (STUD_ID, S_ID, FIRSTNAME, MIDDLENAME, LASTNAME, GENDER, NATION, TRIBE, DOB, RELIGION) 
        VALUES 
        ('25260437', 3, 'SAIKOU', '', 'DARBOE', 'MALE', 'GAMBIAN', 'MANDINKA', TO_DATE('2020-01-07', 'YYYY-MM-DD'), 'ISLAM');
INSERT INTO STUDENT_CONTACT 
        (STUD_ID, S_ID, HOME_ADD, EMAIL, PHONE, EMERGENCY, CONTACT_NAME) 
        VALUES 
        ('25260437', 3, 'NEW YUNDUM', '', '3749199', '7992307', 'FATOUMATA DANSO');
INSERT INTO STUDENT_AUTHOURITY
        (STUD_ID, S_ID, FIRSTNAME, MIDDLENAME, LASTNAME, ADDRESS, PHONE, EMAIL, OCCUPATION, RELATION, FATHER, MOTHER, FATHER_OCCUP, MOTHER_OCCUP, PHOTO, WHATSAPP)
        VALUES
        ('25260437', 3, 'FATOUMATA', '', 'DANSO', 'NEW YUNDUM', '3749199', '', '', 'PARENT', '', '', '', '', NULL, '3749199');
INSERT INTO STUDENT_ACADEMIC 
        (STUD_ID, S_ID, CLASS,PREV_SCHOOL,ACADEMIC_YEAR) 
        VALUES 
        ('25260437', 3,'1','NDOWS DAY CARE AND NURSEY SCHOOL','2025/2026 ACADEMIC YEAR');
INSERT INTO STUDENT_MEDICAL 
        (STUD_ID, S_ID, ALLERGY, CONDITION, MEDICATIONS) 
        VALUES 
        ('25260437', 3, 'NONE', 'NONE', 'NONE');
INSERT INTO STUDENT (STUD_ID, NAME, CREATE_DT, STATUS, S_ID, STDNUMBER) 
                VALUES ('25260438', 'MALICK AHMED ARTAMONOW', TO_DATE('2025-08-13', 'YYYY-MM-DD'), 'REGISTERED', 3, '25260438');
INSERT INTO STUDENT_PERSONAL 
        (STUD_ID, S_ID, FIRSTNAME, MIDDLENAME, LASTNAME, GENDER, NATION, TRIBE, DOB, RELIGION) 
        VALUES 
        ('25260438', 3, 'MALICK', 'AHMED', 'ARTAMONOW', 'MALE', 'GAMBIAN', 'OTHER', TO_DATE('2020-11-30', 'YYYY-MM-DD'), 'ISLAM');
INSERT INTO STUDENT_CONTACT 
        (STUD_ID, S_ID, HOME_ADD, EMAIL, PHONE, EMERGENCY, CONTACT_NAME) 
        VALUES 
        ('25260438', 3, 'BAKAU', 'JMARTA250@GMAIL.COM', '5259468', '5259468', 'jean artamonow');
INSERT INTO STUDENT_AUTHOURITY
        (STUD_ID, S_ID, FIRSTNAME, MIDDLENAME, LASTNAME, ADDRESS, PHONE, EMAIL, OCCUPATION, RELATION, FATHER, MOTHER, FATHER_OCCUP, MOTHER_OCCUP, PHOTO, WHATSAPP)
        VALUES
        ('25260438', 3, 'JEAN', '', 'AETAMONOW', 'BAKAU', '5259468', 'JMARTA250@GMAIL.COM', 'PHOTOGRAPHER', 'PARENT', '', '', '', '', NULL, '5259468');
INSERT INTO STUDENT_ACADEMIC 
        (STUD_ID, S_ID, CLASS,PREV_SCHOOL,ACADEMIC_YEAR) 
        VALUES 
        ('25260438', 3,'1','NDOWS DAY CARE AND NURSEY SCHOOL','2025/2026 ACADEMIC YEAR');
INSERT INTO STUDENT_MEDICAL 
        (STUD_ID, S_ID, ALLERGY, CONDITION, MEDICATIONS) 
        VALUES 
        ('25260438', 3, 'NONE', 'NONE', 'NONE');
INSERT INTO STUDENT (STUD_ID, NAME, CREATE_DT, STATUS, S_ID, STDNUMBER) 
                VALUES ('25260439', 'MUSTAPHA  KALLEH', TO_DATE('2025-08-13', 'YYYY-MM-DD'), 'REGISTERED', 3, '25260439');
INSERT INTO STUDENT_PERSONAL 
        (STUD_ID, S_ID, FIRSTNAME, MIDDLENAME, LASTNAME, GENDER, NATION, TRIBE, DOB, RELIGION) 
        VALUES 
        ('25260439', 3, 'MUSTAPHA', '', 'KALLEH', 'MALE', 'GAMBIAN', 'FULA', TO_DATE('2020-08-25', 'YYYY-MM-DD'), 'ISLAM');
INSERT INTO STUDENT_CONTACT 
        (STUD_ID, S_ID, HOME_ADD, EMAIL, PHONE, EMERGENCY, CONTACT_NAME) 
        VALUES 
        ('25260439', 3, 'BANJUL', 'KALLEH3@GMAIL.COM', '2295925', '7223343', 'cherno kelleh');
INSERT INTO STUDENT_AUTHOURITY
        (STUD_ID, S_ID, FIRSTNAME, MIDDLENAME, LASTNAME, ADDRESS, PHONE, EMAIL, OCCUPATION, RELATION, FATHER, MOTHER, FATHER_OCCUP, MOTHER_OCCUP, PHOTO, WHATSAPP)
        VALUES
        ('25260439', 3, 'CHERNO', '', 'S', 'KALLEH', '2295925', 'KALLEH3@GMAIL.COM', 'CIVIL SERVANT', 'PARENT', '', '', '', '', NULL, '2295925');
INSERT INTO STUDENT_ACADEMIC 
        (STUD_ID, S_ID, CLASS,PREV_SCHOOL,ACADEMIC_YEAR) 
        VALUES 
        ('25260439', 3,'1','NDOWS DAY CARE AND NURSEY SCHOOL','2025/2026 ACADEMIC YEAR');
INSERT INTO STUDENT_MEDICAL 
        (STUD_ID, S_ID, ALLERGY, CONDITION, MEDICATIONS) 
        VALUES 
        ('25260439', 3, 'NONE', 'NONE', 'NONE');
INSERT INTO STUDENT (STUD_ID, NAME, CREATE_DT, STATUS, S_ID, STDNUMBER) 
                VALUES ('25260440', 'OMAR  CEESAY', TO_DATE('2025-08-13', 'YYYY-MM-DD'), 'REGISTERED', 3, '25260440');
INSERT INTO STUDENT_PERSONAL 
        (STUD_ID, S_ID, FIRSTNAME, MIDDLENAME, LASTNAME, GENDER, NATION, TRIBE, DOB, RELIGION) 
        VALUES 
        ('25260440', 3, 'OMAR', '', 'CEESAY', 'MALE', 'GAMBIAN', 'MANDINKA', TO_DATE('2020-03-10', 'YYYY-MM-DD'), 'ISLAM');
INSERT INTO STUDENT_CONTACT 
        (STUD_ID, S_ID, HOME_ADD, EMAIL, PHONE, EMERGENCY, CONTACT_NAME) 
        VALUES 
        ('25260440', 3, 'FARATO', '', '2727107', '2727107', 'adama ceesay');
INSERT INTO STUDENT_AUTHOURITY
        (STUD_ID, S_ID, FIRSTNAME, MIDDLENAME, LASTNAME, ADDRESS, PHONE, EMAIL, OCCUPATION, RELATION, FATHER, MOTHER, FATHER_OCCUP, MOTHER_OCCUP, PHOTO, WHATSAPP)
        VALUES
        ('25260440', 3, 'ADAMA', '', 'CEESAY', 'FARATO', '2727107', '', 'PHARMACIST', 'PARENT', '', '', '', '', NULL, '2727107');
INSERT INTO STUDENT_ACADEMIC 
        (STUD_ID, S_ID, CLASS,PREV_SCHOOL,ACADEMIC_YEAR) 
        VALUES 
        ('25260440', 3,'1','NDOWS DAY CARE AND NURSEY SCHOOL','2025/2026 ACADEMIC YEAR');
INSERT INTO STUDENT_MEDICAL 
        (STUD_ID, S_ID, ALLERGY, CONDITION, MEDICATIONS) 
        VALUES 
        ('25260440', 3, 'NONE', 'NONE', 'NONE');
INSERT INTO STUDENT (STUD_ID, NAME, CREATE_DT, STATUS, S_ID, STDNUMBER) 
                VALUES ('25260441', 'FATOU  SANNEH', TO_DATE('2025-08-13', 'YYYY-MM-DD'), 'REGISTERED', 3, '25260441');
INSERT INTO STUDENT_PERSONAL 
        (STUD_ID, S_ID, FIRSTNAME, MIDDLENAME, LASTNAME, GENDER, NATION, TRIBE, DOB, RELIGION) 
        VALUES 
        ('25260441', 3, 'FATOU', '', 'SANNEH', 'FEMALE', 'GAMBIAN', 'JOLA', TO_DATE('2020-09-18', 'YYYY-MM-DD'), '');
INSERT INTO STUDENT_CONTACT 
        (STUD_ID, S_ID, HOME_ADD, EMAIL, PHONE, EMERGENCY, CONTACT_NAME) 
        VALUES 
        ('25260441', 3, 'BANJUL', 'RAMOUJALLOW35@YAHOO.COM', '3564889', '3564889', 'ramatoulie');
INSERT INTO STUDENT_AUTHOURITY
        (STUD_ID, S_ID, FIRSTNAME, MIDDLENAME, LASTNAME, ADDRESS, PHONE, EMAIL, OCCUPATION, RELATION, FATHER, MOTHER, FATHER_OCCUP, MOTHER_OCCUP, PHOTO, WHATSAPP)
        VALUES
        ('25260441', 3, 'RAMATOULIE', '', 'JALLOW', 'BANJUL', '3564889', 'RAMATOULIE35@YAHOO.COM', 'BUSINESS WOMAN', '', '', '', '', '', NULL, '3564889');
INSERT INTO STUDENT_ACADEMIC 
        (STUD_ID, S_ID, CLASS,PREV_SCHOOL,ACADEMIC_YEAR) 
        VALUES 
        ('25260441', 3,'1','NDOWS DAY CARE AND NURSEY SCHOOL','2025/2026 ACADEMIC YEAR');
INSERT INTO STUDENT_MEDICAL 
        (STUD_ID, S_ID, ALLERGY, CONDITION, MEDICATIONS) 
        VALUES 
        ('25260441', 3, 'NONE', 'NONE', 'NONE');
INSERT INTO STUDENT (STUD_ID, NAME, CREATE_DT, STATUS, S_ID, STDNUMBER) 
                VALUES ('25260442', 'MUSTAPHA  CEESAY', TO_DATE('2025-08-13', 'YYYY-MM-DD'), 'REGISTERED', 3, '25260442');
INSERT INTO STUDENT_PERSONAL 
        (STUD_ID, S_ID, FIRSTNAME, MIDDLENAME, LASTNAME, GENDER, NATION, TRIBE, DOB, RELIGION) 
        VALUES 
        ('25260442', 3, 'MUSTAPHA', '', 'CEESAY', 'MALE', 'GAMBIAN', 'WOLOF', TO_DATE('2020-02-29', 'YYYY-MM-DD'), 'ISLAM');
INSERT INTO STUDENT_CONTACT 
        (STUD_ID, S_ID, HOME_ADD, EMAIL, PHONE, EMERGENCY, CONTACT_NAME) 
        VALUES 
        ('25260442', 3, 'KANIFING', 'ALASANCEESAY18@GMAIL.COM', '3815722', '2275581', 'haddy coker');
INSERT INTO STUDENT_AUTHOURITY
        (STUD_ID, S_ID, FIRSTNAME, MIDDLENAME, LASTNAME, ADDRESS, PHONE, EMAIL, OCCUPATION, RELATION, FATHER, MOTHER, FATHER_OCCUP, MOTHER_OCCUP, PHOTO, WHATSAPP)
        VALUES
        ('25260442', 3, 'HADDY', '', 'COKER', 'LONDON CORNER', '2275581', 'ALASANCEESAY18@GMAIL.COM', 'BANKER', 'PARENT', '', '', '', '', NULL, '2275581');
INSERT INTO STUDENT_ACADEMIC 
        (STUD_ID, S_ID, CLASS,PREV_SCHOOL,ACADEMIC_YEAR) 
        VALUES 
        ('25260442', 3,'1','NDOWS DAY CARE AND NURSEY SCHOOL','2025/2026 ACADEMIC YEAR');
INSERT INTO STUDENT_MEDICAL 
        (STUD_ID, S_ID, ALLERGY, CONDITION, MEDICATIONS) 
        VALUES 
        ('25260442', 3, 'NONE', 'NONE', 'NONE');
INSERT INTO STUDENT (STUD_ID, NAME, CREATE_DT, STATUS, S_ID, STDNUMBER) 
                VALUES ('25260443', 'ALIEU  MANNEH', TO_DATE('2025-08-13', 'YYYY-MM-DD'), 'REGISTERED', 3, '25260443');
INSERT INTO STUDENT_PERSONAL 
        (STUD_ID, S_ID, FIRSTNAME, MIDDLENAME, LASTNAME, GENDER, NATION, TRIBE, DOB, RELIGION) 
        VALUES 
        ('25260443', 3, 'ALIEU', '', 'MANNEH', 'MALE', 'GAMBIAN', 'MANDINKA', TO_DATE('2020-07-01', 'YYYY-MM-DD'), 'ISLAM');
INSERT INTO STUDENT_CONTACT 
        (STUD_ID, S_ID, HOME_ADD, EMAIL, PHONE, EMERGENCY, CONTACT_NAME) 
        VALUES 
        ('25260443', 3, 'KANIFING ESTATE', 'MARIAMA.CEESAY@GMAIL.COM', '9118895', '9118895', 'mustapha');
INSERT INTO STUDENT_AUTHOURITY
        (STUD_ID, S_ID, FIRSTNAME, MIDDLENAME, LASTNAME, ADDRESS, PHONE, EMAIL, OCCUPATION, RELATION, FATHER, MOTHER, FATHER_OCCUP, MOTHER_OCCUP, PHOTO, WHATSAPP)
        VALUES
        ('25260443', 3, 'MUSTAPHA', '', 'MANNEH', 'KANIFING ESTATE', '9118895', 'MARIAMA.CEESAY@GMAIL.COM', 'BUSINESSMAN', 'PARENT', '', '', '', '', NULL, '9118895');
INSERT INTO STUDENT_ACADEMIC 
        (STUD_ID, S_ID, CLASS,PREV_SCHOOL,ACADEMIC_YEAR) 
        VALUES 
        ('25260443', 3,'1','NDOWS DAY CARE AND NURSEY SCHOOL','2025/2026 ACADEMIC YEAR');
INSERT INTO STUDENT_MEDICAL 
        (STUD_ID, S_ID, ALLERGY, CONDITION, MEDICATIONS) 
        VALUES 
        ('25260443', 3, 'NONE', 'NONE', 'NONE');
INSERT INTO STUDENT (STUD_ID, NAME, CREATE_DT, STATUS, S_ID, STDNUMBER) 
                VALUES ('25260444', 'MAMAN MAGUETTE NJIE', TO_DATE('2025-08-13', 'YYYY-MM-DD'), 'REGISTERED', 3, '25260444');
INSERT INTO STUDENT_PERSONAL 
        (STUD_ID, S_ID, FIRSTNAME, MIDDLENAME, LASTNAME, GENDER, NATION, TRIBE, DOB, RELIGION) 
        VALUES 
        ('25260444', 3, 'MAMAN', 'MAGUETTE', 'NJIE', 'FEMALE', 'GAMBIAN', 'SERER', TO_DATE('2020-05-22', 'YYYY-MM-DD'), 'ISLAM');
INSERT INTO STUDENT_CONTACT 
        (STUD_ID, S_ID, HOME_ADD, EMAIL, PHONE, EMERGENCY, CONTACT_NAME) 
        VALUES 
        ('25260444', 3, 'KANIFING ', '', '7286678', '7286678', 'monn njie');
INSERT INTO STUDENT_AUTHOURITY
        (STUD_ID, S_ID, FIRSTNAME, MIDDLENAME, LASTNAME, ADDRESS, PHONE, EMAIL, OCCUPATION, RELATION, FATHER, MOTHER, FATHER_OCCUP, MOTHER_OCCUP, PHOTO, WHATSAPP)
        VALUES
        ('25260444', 3, 'MONN', '', 'NJIE', 'KANIFING', '7286678', '', '', 'PARENT', '', '', '', '', NULL, '7286678');
INSERT INTO STUDENT_ACADEMIC 
        (STUD_ID, S_ID, CLASS,PREV_SCHOOL,ACADEMIC_YEAR) 
        VALUES 
        ('25260444', 3,'1','NDOWS DAY CARE AND NURSEY SCHOOL','2025/2026 ACADEMIC YEAR');
INSERT INTO STUDENT_MEDICAL 
        (STUD_ID, S_ID, ALLERGY, CONDITION, MEDICATIONS) 
        VALUES 
        ('25260444', 3, 'NONE', 'NONE', 'NONE');
INSERT INTO STUDENT (STUD_ID, NAME, CREATE_DT, STATUS, S_ID, STDNUMBER) 
                VALUES ('25260445', 'ALFRED ALVIN BLELL', TO_DATE('2025-08-13', 'YYYY-MM-DD'), 'REGISTERED', 3, '25260445');
INSERT INTO STUDENT_ACADEMIC 
        (STUD_ID, S_ID, CLASS,PREV_SCHOOL,ACADEMIC_YEAR) 
        VALUES 
        ('25260445', 3,'1','NDOWS DAY CARE AND NURSEY SCHOOL','2025/2026 ACADEMIC YEAR');
INSERT INTO STUDENT_MEDICAL 
        (STUD_ID, S_ID, ALLERGY, CONDITION, MEDICATIONS) 
        VALUES 
        ('25260445', 3, 'NONE', 'NONE', 'NONE');
INSERT INTO STUDENT (STUD_ID, NAME, CREATE_DT, STATUS, S_ID, STDNUMBER) 
                VALUES ('25260446', 'AMINATA  BAYO', TO_DATE('2025-08-13', 'YYYY-MM-DD'), 'REGISTERED', 3, '25260446');
INSERT INTO STUDENT_PERSONAL 
        (STUD_ID, S_ID, FIRSTNAME, MIDDLENAME, LASTNAME, GENDER, NATION, TRIBE, DOB, RELIGION) 
        VALUES 
        ('25260446', 3, 'AMINATA', '', 'BAYO', 'FEMALE', 'GAMBIAN', 'MANDINKA', TO_DATE('2020-11-25', 'YYYY-MM-DD'), 'ISLAM');
INSERT INTO STUDENT_CONTACT 
        (STUD_ID, S_ID, HOME_ADD, EMAIL, PHONE, EMERGENCY, CONTACT_NAME) 
        VALUES 
        ('25260446', 3, 'LATRIKUNDA GERMAN', 'JABOUK1981@GMAIL.COM', '7024444', '7024444', 'JABOU KOROMA');
INSERT INTO STUDENT_AUTHOURITY
        (STUD_ID, S_ID, FIRSTNAME, MIDDLENAME, LASTNAME, ADDRESS, PHONE, EMAIL, OCCUPATION, RELATION, FATHER, MOTHER, FATHER_OCCUP, MOTHER_OCCUP, PHOTO, WHATSAPP)
        VALUES
        ('25260446', 3, 'JABOU', '', 'KOROMA', 'LATRIKUNDA GERMAN', '3522552', 'JABOUK1981@GMAIL.COM', 'SELF EMPLOYED', 'PARENT', '', '', '', '', NULL, '3522552');
INSERT INTO STUDENT_ACADEMIC 
        (STUD_ID, S_ID, CLASS,PREV_SCHOOL,ACADEMIC_YEAR) 
        VALUES 
        ('25260446', 3,'1','NDOWS DAY CARE AND NURSEY SCHOOL','2025/2026 ACADEMIC YEAR');
INSERT INTO STUDENT_MEDICAL 
        (STUD_ID, S_ID, ALLERGY, CONDITION, MEDICATIONS) 
        VALUES 
        ('25260446', 3, 'NONE', 'NONE', 'NONE');
INSERT INTO STUDENT (STUD_ID, NAME, CREATE_DT, STATUS, S_ID, STDNUMBER) 
                VALUES ('25260447', 'YUSUF  DAFFEH', TO_DATE('2025-08-13', 'YYYY-MM-DD'), 'REGISTERED', 3, '25260447');
INSERT INTO STUDENT_PERSONAL 
        (STUD_ID, S_ID, FIRSTNAME, MIDDLENAME, LASTNAME, GENDER, NATION, TRIBE, DOB, RELIGION) 
        VALUES 
        ('25260447', 3, 'YUSUF', '', 'DAFFEH', 'MALE', 'GAMBIAN', 'MANDINKA', TO_DATE('2020-07-27', 'YYYY-MM-DD'), 'ISLAM');
INSERT INTO STUDENT_CONTACT 
        (STUD_ID, S_ID, HOME_ADD, EMAIL, PHONE, EMERGENCY, CONTACT_NAME) 
        VALUES 
        ('25260447', 3, 'LATRIKUNDA GERMAN', 'SANYANG477@GMAIL.COM', '3825155', '9934026', 'KHADDIJATOU SANYANG');
INSERT INTO STUDENT_AUTHOURITY
        (STUD_ID, S_ID, FIRSTNAME, MIDDLENAME, LASTNAME, ADDRESS, PHONE, EMAIL, OCCUPATION, RELATION, FATHER, MOTHER, FATHER_OCCUP, MOTHER_OCCUP, PHOTO, WHATSAPP)
        VALUES
        ('25260447', 3, 'KHADDIJATOU', '', 'SANYANG', 'LATRIKUNDA GERMAN', '3825155', 'SANYANG477@GMAIL.COM', 'TEACHER', 'PARENT', '', '', '', '', NULL, '3825155');
INSERT INTO STUDENT_ACADEMIC 
        (STUD_ID, S_ID, CLASS,PREV_SCHOOL,ACADEMIC_YEAR) 
        VALUES 
        ('25260447', 3,'1','NDOWS DAY CARE AND NURSEY SCHOOL','2025/2026 ACADEMIC YEAR');
INSERT INTO STUDENT_MEDICAL 
        (STUD_ID, S_ID, ALLERGY, CONDITION, MEDICATIONS) 
        VALUES 
        ('25260447', 3, 'NONE', 'NONE', 'NONE');
INSERT INTO STUDENT (STUD_ID, NAME, CREATE_DT, STATUS, S_ID, STDNUMBER) 
                VALUES ('25260448', 'TAMSIR  SARR', TO_DATE('2025-08-13', 'YYYY-MM-DD'), 'REGISTERED', 3, '25260448');
INSERT INTO STUDENT_PERSONAL 
        (STUD_ID, S_ID, FIRSTNAME, MIDDLENAME, LASTNAME, GENDER, NATION, TRIBE, DOB, RELIGION) 
        VALUES 
        ('25260448', 3, 'TAMSIR', '', 'SARR', 'MALE', 'GAMBIAN', 'WOLOF', TO_DATE('2021-06-10', 'YYYY-MM-DD'), 'ISLAM');
INSERT INTO STUDENT_CONTACT 
        (STUD_ID, S_ID, HOME_ADD, EMAIL, PHONE, EMERGENCY, CONTACT_NAME) 
        VALUES 
        ('25260448', 3, 'FAJARA', '', '7902823', '7902823', 'MAIMUNA DENTON');
INSERT INTO STUDENT_AUTHOURITY
        (STUD_ID, S_ID, FIRSTNAME, MIDDLENAME, LASTNAME, ADDRESS, PHONE, EMAIL, OCCUPATION, RELATION, FATHER, MOTHER, FATHER_OCCUP, MOTHER_OCCUP, PHOTO, WHATSAPP)
        VALUES
        ('25260448', 3, 'MALICK', '', 'SARR', 'BRUFUT', '7683427', '', 'DRIVER', 'PARENT', '', '', '', '', NULL, '7683427');
INSERT INTO STUDENT_ACADEMIC 
        (STUD_ID, S_ID, CLASS,PREV_SCHOOL,ACADEMIC_YEAR) 
        VALUES 
        ('25260448', 3,'1','NDOWS DAY CARE AND NURSEY SCHOOL','2025/2026 ACADEMIC YEAR');
INSERT INTO STUDENT_MEDICAL 
        (STUD_ID, S_ID, ALLERGY, CONDITION, MEDICATIONS) 
        VALUES 
        ('25260448', 3, 'NONE', 'NONE', 'NONE');
INSERT INTO STUDENT (STUD_ID, NAME, CREATE_DT, STATUS, S_ID, STDNUMBER) 
                VALUES ('25260449', 'FATOUMATTA  CAMARA', TO_DATE('2025-08-13', 'YYYY-MM-DD'), 'REGISTERED', 3, '25260449');
INSERT INTO STUDENT_PERSONAL 
        (STUD_ID, S_ID, FIRSTNAME, MIDDLENAME, LASTNAME, GENDER, NATION, TRIBE, DOB, RELIGION) 
        VALUES 
        ('25260449', 3, 'FATOUMATTA', '', 'CAMARA', 'FEMALE', 'GAMBIAN', 'SERAHULI', TO_DATE('2020-01-22', 'YYYY-MM-DD'), 'ISLAM');
INSERT INTO STUDENT_CONTACT 
        (STUD_ID, S_ID, HOME_ADD, EMAIL, PHONE, EMERGENCY, CONTACT_NAME) 
        VALUES 
        ('25260449', 3, 'BAKOTEH', 'NASIRA@YAHOO.COM', '6931089', '6931089', 'sirreh');
INSERT INTO STUDENT_AUTHOURITY
        (STUD_ID, S_ID, FIRSTNAME, MIDDLENAME, LASTNAME, ADDRESS, PHONE, EMAIL, OCCUPATION, RELATION, FATHER, MOTHER, FATHER_OCCUP, MOTHER_OCCUP, PHOTO, WHATSAPP)
        VALUES
        ('25260449', 3, 'SIRREH', '', 'SISSOHO', 'BAKOTEH', '6931089', 'NASIRA@YAHOO.COM', 'NONE', '', '', '', '', '', NULL, '6931089');
INSERT INTO STUDENT_ACADEMIC 
        (STUD_ID, S_ID, CLASS,PREV_SCHOOL,ACADEMIC_YEAR) 
        VALUES 
        ('25260449', 3,'1','NDOWS DAY CARE AND NURSEY SCHOOL','2025/2026 ACADEMIC YEAR');
INSERT INTO STUDENT_MEDICAL 
        (STUD_ID, S_ID, ALLERGY, CONDITION, MEDICATIONS) 
        VALUES 
        ('25260449', 3, 'NONE', 'NONE', 'NONE');
INSERT INTO STUDENT (STUD_ID, NAME, CREATE_DT, STATUS, S_ID, STDNUMBER) 
                VALUES ('25260450', 'ALFRED ALVIN BLELL', TO_DATE('2025-08-13', 'YYYY-MM-DD'), 'REGISTERED', 3, '25260450');
INSERT INTO STUDENT_PERSONAL 
        (STUD_ID, S_ID, FIRSTNAME, MIDDLENAME, LASTNAME, GENDER, NATION, TRIBE, DOB, RELIGION) 
        VALUES 
        ('25260450', 3, 'ALFRED', 'ALVIN', 'BLELL', 'MALE', 'SIERRA LEONEAN', 'OTHER', TO_DATE('2020-04-24', 'YYYY-MM-DD'), 'CHRISTIANITY');
INSERT INTO STUDENT_CONTACT 
        (STUD_ID, S_ID, HOME_ADD, EMAIL, PHONE, EMERGENCY, CONTACT_NAME) 
        VALUES 
        ('25260450', 3, 'KANIFING SOUTH', '', '7261583', '7261583', 'Mrs ceesay');
INSERT INTO STUDENT_AUTHOURITY
        (STUD_ID, S_ID, FIRSTNAME, MIDDLENAME, LASTNAME, ADDRESS, PHONE, EMAIL, OCCUPATION, RELATION, FATHER, MOTHER, FATHER_OCCUP, MOTHER_OCCUP, PHOTO, WHATSAPP)
        VALUES
        ('25260450', 3, 'COMFORT', '', 'CESSAY', 'KANIFING SOUTH', '7261583', '', 'TEACHER', 'PARENT', '', '', '', '', NULL, '7261583');
INSERT INTO STUDENT_ACADEMIC 
        (STUD_ID, S_ID, CLASS,PREV_SCHOOL,ACADEMIC_YEAR) 
        VALUES 
        ('25260450', 3,'1','NDOWS DAY CARE AND NURSEY SCHOOL','2025/2026 ACADEMIC YEAR');
INSERT INTO STUDENT_MEDICAL 
        (STUD_ID, S_ID, ALLERGY, CONDITION, MEDICATIONS) 
        VALUES 
        ('25260450', 3, 'none', 'none', 'none');
INSERT INTO STUDENT (STUD_ID, NAME, CREATE_DT, STATUS, S_ID, STDNUMBER) 
                VALUES ('25260451', 'RUGIATOU  JALLOW', TO_DATE('2025-08-13', 'YYYY-MM-DD'), 'REGISTERED', 3, '25260451');
INSERT INTO STUDENT_PERSONAL 
        (STUD_ID, S_ID, FIRSTNAME, MIDDLENAME, LASTNAME, GENDER, NATION, TRIBE, DOB, RELIGION) 
        VALUES 
        ('25260451', 3, 'RUGIATOU', '', 'JALLOW', 'FEMALE', 'GAMBIAN', 'FULA', TO_DATE('2020-02-17', 'YYYY-MM-DD'), 'ISLAM');
INSERT INTO STUDENT_CONTACT 
        (STUD_ID, S_ID, HOME_ADD, EMAIL, PHONE, EMERGENCY, CONTACT_NAME) 
        VALUES 
        ('25260451', 3, 'WESTFIELD', 'AWADARBOE@GMAIL.COM', '2351440', '2351440', 'awa darboe');
INSERT INTO STUDENT_AUTHOURITY
        (STUD_ID, S_ID, FIRSTNAME, MIDDLENAME, LASTNAME, ADDRESS, PHONE, EMAIL, OCCUPATION, RELATION, FATHER, MOTHER, FATHER_OCCUP, MOTHER_OCCUP, PHOTO, WHATSAPP)
        VALUES
        ('25260451', 3, 'AWA', '', 'DARBOE', 'TABOKOTO', '7414173', 'AWADARBOE@GMAIL.COM', 'BUSINESS', '', '', '', '', '', NULL, '2351440');
INSERT INTO STUDENT_ACADEMIC 
        (STUD_ID, S_ID, CLASS,PREV_SCHOOL,ACADEMIC_YEAR) 
        VALUES 
        ('25260451', 3,'1','NDOWS DAY CARE AND NURSEY SCHOOL','2025/2026 ACADEMIC YEAR');
INSERT INTO STUDENT_MEDICAL 
        (STUD_ID, S_ID, ALLERGY, CONDITION, MEDICATIONS) 
        VALUES 
        ('25260451', 3, 'NONE', 'NONE', 'NONE');
INSERT INTO STUDENT (STUD_ID, NAME, CREATE_DT, STATUS, S_ID, STDNUMBER) 
                VALUES ('25260452', 'JAMILAH FATIMAH MBYE', TO_DATE('2025-08-13', 'YYYY-MM-DD'), 'REGISTERED', 3, '25260452');
INSERT INTO STUDENT_PERSONAL 
        (STUD_ID, S_ID, FIRSTNAME, MIDDLENAME, LASTNAME, GENDER, NATION, TRIBE, DOB, RELIGION) 
        VALUES 
        ('25260452', 3, 'JAMILAH', 'FATIMAH', 'MBYE', 'FEMALE', 'GAMBIAN', 'WOLOF', TO_DATE('2020-09-20', 'YYYY-MM-DD'), 'ISLAM');
INSERT INTO STUDENT_CONTACT 
        (STUD_ID, S_ID, HOME_ADD, EMAIL, PHONE, EMERGENCY, CONTACT_NAME) 
        VALUES 
        ('25260452', 3, 'BRUSUBI', 'GAMEZCATHENNE039@GMAIL.COM', '3126401', '3126401', 'marie');
INSERT INTO STUDENT_AUTHOURITY
        (STUD_ID, S_ID, FIRSTNAME, MIDDLENAME, LASTNAME, ADDRESS, PHONE, EMAIL, OCCUPATION, RELATION, FATHER, MOTHER, FATHER_OCCUP, MOTHER_OCCUP, PHOTO, WHATSAPP)
        VALUES
        ('25260452', 3, 'MARIECATHERINE', '', 'GOMEZ', 'BRUSUBI', '3126401', 'GOMEZCATHENNE039@GMAIL.COM', 'NURSING', 'PARENT', '', '', '', '', NULL, '3126401');
INSERT INTO STUDENT_ACADEMIC 
        (STUD_ID, S_ID, CLASS,PREV_SCHOOL,ACADEMIC_YEAR) 
        VALUES 
        ('25260452', 3,'1','NDOWS DAY CARE AND NURSEY SCHOOL','2025/2026 ACADEMIC YEAR');
INSERT INTO STUDENT_MEDICAL 
        (STUD_ID, S_ID, ALLERGY, CONDITION, MEDICATIONS) 
        VALUES 
        ('25260452', 3, 'NONE', 'NONE', 'NONE');
INSERT INTO STUDENT (STUD_ID, NAME, CREATE_DT, STATUS, S_ID, STDNUMBER) 
                VALUES ('25260453', 'ALASAN  CAMARA', TO_DATE('2025-08-13', 'YYYY-MM-DD'), 'REGISTERED', 3, '25260453');
INSERT INTO STUDENT_PERSONAL 
        (STUD_ID, S_ID, FIRSTNAME, MIDDLENAME, LASTNAME, GENDER, NATION, TRIBE, DOB, RELIGION) 
        VALUES 
        ('25260453', 3, 'ALASAN', '', 'CAMARA', 'MALE', 'GAMBIAN', 'MANDINKA', TO_DATE('2020-05-19', 'YYYY-MM-DD'), 'ISLAM');
INSERT INTO STUDENT_CONTACT 
        (STUD_ID, S_ID, HOME_ADD, EMAIL, PHONE, EMERGENCY, CONTACT_NAME) 
        VALUES 
        ('25260453', 3, 'BAKAU', 'LAMINC7@HOTMAIL.COM', '5839570', '5839570', 'fatou conteh');
INSERT INTO STUDENT_AUTHOURITY
        (STUD_ID, S_ID, FIRSTNAME, MIDDLENAME, LASTNAME, ADDRESS, PHONE, EMAIL, OCCUPATION, RELATION, FATHER, MOTHER, FATHER_OCCUP, MOTHER_OCCUP, PHOTO, WHATSAPP)
        VALUES
        ('25260453', 3, 'FATOU', '', 'CONTEH', 'BAKAU', '2511574', 'LAMINC7@HOTMAIL.COM', 'HAIR DRESSER', 'PARENT', '', '', '', '', NULL, '5839570');
INSERT INTO STUDENT_ACADEMIC 
        (STUD_ID, S_ID, CLASS,PREV_SCHOOL,ACADEMIC_YEAR) 
        VALUES 
        ('25260453', 3,'1','NDOWS DAY CARE AND NURSEY SCHOOL','2025/2026 ACADEMIC YEAR');
INSERT INTO STUDENT_MEDICAL 
        (STUD_ID, S_ID, ALLERGY, CONDITION, MEDICATIONS) 
        VALUES 
        ('25260453', 3, 'NONE', 'NONE', 'NONE');
INSERT INTO STUDENT (STUD_ID, NAME, CREATE_DT, STATUS, S_ID, STDNUMBER) 
                VALUES ('25260454', 'AISHA KUNTA JALLOW', TO_DATE('2025-08-13', 'YYYY-MM-DD'), 'REGISTERED', 3, '25260454');
INSERT INTO STUDENT_PERSONAL 
        (STUD_ID, S_ID, FIRSTNAME, MIDDLENAME, LASTNAME, GENDER, NATION, TRIBE, DOB, RELIGION) 
        VALUES 
        ('25260454', 3, 'AISHA', 'KUNTA', 'JALLOW', 'FEMALE', 'GAMBIAN', 'FULA', TO_DATE('2020-04-08', 'YYYY-MM-DD'), 'ISLAM');
INSERT INTO STUDENT_CONTACT 
        (STUD_ID, S_ID, HOME_ADD, EMAIL, PHONE, EMERGENCY, CONTACT_NAME) 
        VALUES 
        ('25260454', 3, 'PIPELINE', '', '3392991', '3392991', 'fatou');
INSERT INTO STUDENT_AUTHOURITY
        (STUD_ID, S_ID, FIRSTNAME, MIDDLENAME, LASTNAME, ADDRESS, PHONE, EMAIL, OCCUPATION, RELATION, FATHER, MOTHER, FATHER_OCCUP, MOTHER_OCCUP, PHOTO, WHATSAPP)
        VALUES
        ('25260454', 3, 'FATOU', '', 'HYDARA', 'PIPELINE', '3392991', '', 'BUSINESS WOMAN', 'PARENT', '', '', '', '', NULL, '3392991');
INSERT INTO STUDENT_ACADEMIC 
        (STUD_ID, S_ID, CLASS,PREV_SCHOOL,ACADEMIC_YEAR) 
        VALUES 
        ('25260454', 3,'1','NDOWS DAY CARE AND NURSEY SCHOOL','2025/2026 ACADEMIC YEAR');
INSERT INTO STUDENT_MEDICAL 
        (STUD_ID, S_ID, ALLERGY, CONDITION, MEDICATIONS) 
        VALUES 
        ('25260454', 3, 'NONE', 'NONE', 'NONE');
INSERT INTO STUDENT (STUD_ID, NAME, CREATE_DT, STATUS, S_ID, STDNUMBER) 
                VALUES ('25260455', 'KADDIATOU  CHAM', TO_DATE('2025-08-13', 'YYYY-MM-DD'), 'REGISTERED', 3, '25260455');
INSERT INTO STUDENT_PERSONAL 
        (STUD_ID, S_ID, FIRSTNAME, MIDDLENAME, LASTNAME, GENDER, NATION, TRIBE, DOB, RELIGION) 
        VALUES 
        ('25260455', 3, 'KADDIATOU', '', 'CHAM', 'FEMALE', 'GAMBIAN', 'WOLOF', TO_DATE('2020-03-15', 'YYYY-MM-DD'), 'ISLAM');
INSERT INTO STUDENT_CONTACT 
        (STUD_ID, S_ID, HOME_ADD, EMAIL, PHONE, EMERGENCY, CONTACT_NAME) 
        VALUES 
        ('25260455', 3, 'BUNDUNG', 'CHAMTAMSIR1@GMAIL.COM', '3025844', '3164881', 'hawa singhateh');
INSERT INTO STUDENT_AUTHOURITY
        (STUD_ID, S_ID, FIRSTNAME, MIDDLENAME, LASTNAME, ADDRESS, PHONE, EMAIL, OCCUPATION, RELATION, FATHER, MOTHER, FATHER_OCCUP, MOTHER_OCCUP, PHOTO, WHATSAPP)
        VALUES
        ('25260455', 3, 'HAWA', '', 'SINGHATEH', 'BUNDUNG', '3025844', 'CHAMTAMSIR1@GMAIL.COM', 'PROJECT ASSISSTANT', 'PARENT', '', '', '', '', NULL, '3164881');
INSERT INTO STUDENT_ACADEMIC 
        (STUD_ID, S_ID, CLASS,PREV_SCHOOL,ACADEMIC_YEAR) 
        VALUES 
        ('25260455', 3,'1','NDOWS DAY CARE AND NURSEY SCHOOL','2025/2026 ACADEMIC YEAR');
INSERT INTO STUDENT_MEDICAL 
        (STUD_ID, S_ID, ALLERGY, CONDITION, MEDICATIONS) 
        VALUES 
        ('25260455', 3, 'NONE', 'NONE', 'NONE');
INSERT INTO STUDENT (STUD_ID, NAME, CREATE_DT, STATUS, S_ID, STDNUMBER) 
                VALUES ('25260456', 'MARIAMA  JANE', TO_DATE('2025-08-13', 'YYYY-MM-DD'), 'REGISTERED', 3, '25260456');
INSERT INTO STUDENT_PERSONAL 
        (STUD_ID, S_ID, FIRSTNAME, MIDDLENAME, LASTNAME, GENDER, NATION, TRIBE, DOB, RELIGION) 
        VALUES 
        ('25260456', 3, 'MARIAMA', '', 'JANE', 'FEMALE', 'GAMBIAN', 'SERER', TO_DATE('2020-11-06', 'YYYY-MM-DD'), 'HINDUISM');
INSERT INTO STUDENT_CONTACT 
        (STUD_ID, S_ID, HOME_ADD, EMAIL, PHONE, EMERGENCY, CONTACT_NAME) 
        VALUES 
        ('25260456', 3, 'PIPELINE', 'JANE8361@GMAIL.COM', '6600694', '6600694', 'pamusa');
INSERT INTO STUDENT_AUTHOURITY
        (STUD_ID, S_ID, FIRSTNAME, MIDDLENAME, LASTNAME, ADDRESS, PHONE, EMAIL, OCCUPATION, RELATION, FATHER, MOTHER, FATHER_OCCUP, MOTHER_OCCUP, PHOTO, WHATSAPP)
        VALUES
        ('25260456', 3, 'PAMUSA', '', 'JANE', 'PIPELINE', '7920802', 'JANE8361@GMAIL.COM', 'COPERATE SALES REP', 'PARENT', '', '', '', '', NULL, '7920802');
INSERT INTO STUDENT_ACADEMIC 
        (STUD_ID, S_ID, CLASS,PREV_SCHOOL,ACADEMIC_YEAR) 
        VALUES 
        ('25260456', 3,'1','NDOWS DAY CARE AND NURSEY SCHOOL','2025/2026 ACADEMIC YEAR');
INSERT INTO STUDENT_MEDICAL 
        (STUD_ID, S_ID, ALLERGY, CONDITION, MEDICATIONS) 
        VALUES 
        ('25260456', 3, 'NONE', 'NONE', 'NONE');
INSERT INTO STUDENT (STUD_ID, NAME, CREATE_DT, STATUS, S_ID, STDNUMBER) 
                VALUES ('25260457', 'AMADOU  SEY', TO_DATE('2025-08-13', 'YYYY-MM-DD'), 'REGISTERED', 3, '25260457');
INSERT INTO STUDENT_PERSONAL 
        (STUD_ID, S_ID, FIRSTNAME, MIDDLENAME, LASTNAME, GENDER, NATION, TRIBE, DOB, RELIGION) 
        VALUES 
        ('25260457', 3, 'AMADOU', '', 'SEY', 'MALE', 'GAMBIAN', 'FULA', TO_DATE('2020-09-23', 'YYYY-MM-DD'), 'ISLAM');
INSERT INTO STUDENT_CONTACT 
        (STUD_ID, S_ID, HOME_ADD, EMAIL, PHONE, EMERGENCY, CONTACT_NAME) 
        VALUES 
        ('25260457', 3, 'TABOKOTO', '', '2628944', '7206985', 'mariama kandeh');
INSERT INTO STUDENT_AUTHOURITY
        (STUD_ID, S_ID, FIRSTNAME, MIDDLENAME, LASTNAME, ADDRESS, PHONE, EMAIL, OCCUPATION, RELATION, FATHER, MOTHER, FATHER_OCCUP, MOTHER_OCCUP, PHOTO, WHATSAPP)
        VALUES
        ('25260457', 3, 'MARIAMA', '', 'KANDEH', 'TABOKOTO', '2628944', '', 'STUDENT', 'PARENT', '', '', '', '', NULL, '2628944');
INSERT INTO STUDENT_ACADEMIC 
        (STUD_ID, S_ID, CLASS,PREV_SCHOOL,ACADEMIC_YEAR) 
        VALUES 
        ('25260457', 3,'1','NDOWS DAY CARE AND NURSEY SCHOOL','2025/2026 ACADEMIC YEAR');
INSERT INTO STUDENT_MEDICAL 
        (STUD_ID, S_ID, ALLERGY, CONDITION, MEDICATIONS) 
        VALUES 
        ('25260457', 3, 'NONE', 'NONE', 'NONE');
INSERT INTO STUDENT (STUD_ID, NAME, CREATE_DT, STATUS, S_ID, STDNUMBER) 
                VALUES ('25260458', 'DODOU  JOHN', TO_DATE('2025-08-13', 'YYYY-MM-DD'), 'REGISTERED', 3, '25260458');
INSERT INTO STUDENT_PERSONAL 
        (STUD_ID, S_ID, FIRSTNAME, MIDDLENAME, LASTNAME, GENDER, NATION, TRIBE, DOB, RELIGION) 
        VALUES 
        ('25260458', 3, 'DODOU', '', 'JOHN', 'MALE', 'GAMBIAN', 'AKU', TO_DATE('2020-04-17', 'YYYY-MM-DD'), 'ISLAM');
INSERT INTO STUDENT_CONTACT 
        (STUD_ID, S_ID, HOME_ADD, EMAIL, PHONE, EMERGENCY, CONTACT_NAME) 
        VALUES 
        ('25260458', 3, 'SUKUTA NEMASU', 'DODOU30@YAHOO.COM', '5192566', '3990077', ' ndey fatou joof');
INSERT INTO STUDENT_AUTHOURITY
        (STUD_ID, S_ID, FIRSTNAME, MIDDLENAME, LASTNAME, ADDRESS, PHONE, EMAIL, OCCUPATION, RELATION, FATHER, MOTHER, FATHER_OCCUP, MOTHER_OCCUP, PHOTO, WHATSAPP)
        VALUES
        ('25260458', 3, 'ABDOUAZIZ', '', 'JOHN', 'SUKUTA NEMASU', '3990077', 'DODOU30@YAHOO.COM', 'DRIVER', 'PARENT', '', '', '', '', NULL, '3990077');
INSERT INTO STUDENT_ACADEMIC 
        (STUD_ID, S_ID, CLASS,PREV_SCHOOL,ACADEMIC_YEAR) 
        VALUES 
        ('25260458', 3,'1','NDOWS DAY CARE AND NURSEY SCHOOL','2025/2026 ACADEMIC YEAR');
INSERT INTO STUDENT_MEDICAL 
        (STUD_ID, S_ID, ALLERGY, CONDITION, MEDICATIONS) 
        VALUES 
        ('25260458', 3, 'NONE', 'NONE', 'NONE');
INSERT INTO STUDENT (STUD_ID, NAME, CREATE_DT, STATUS, S_ID, STDNUMBER) 
                VALUES ('25260459', 'FATOUMATTA  SANNEH', TO_DATE('2025-08-13', 'YYYY-MM-DD'), 'REGISTERED', 3, '25260459');
INSERT INTO STUDENT_PERSONAL 
        (STUD_ID, S_ID, FIRSTNAME, MIDDLENAME, LASTNAME, GENDER, NATION, TRIBE, DOB, RELIGION) 
        VALUES 
        ('25260459', 3, 'FATOUMATTA', '', 'SANNEH', 'FEMALE', 'GAMBIAN', 'MANDINKA', TO_DATE('2019-03-30', 'YYYY-MM-DD'), 'ISLAM');
INSERT INTO STUDENT_CONTACT 
        (STUD_ID, S_ID, HOME_ADD, EMAIL, PHONE, EMERGENCY, CONTACT_NAME) 
        VALUES 
        ('25260459', 3, 'BAKAU KATCHICALLY', '', '7339185', '7339185', 'Manneh Gage');
INSERT INTO STUDENT_AUTHOURITY
        (STUD_ID, S_ID, FIRSTNAME, MIDDLENAME, LASTNAME, ADDRESS, PHONE, EMAIL, OCCUPATION, RELATION, FATHER, MOTHER, FATHER_OCCUP, MOTHER_OCCUP, PHOTO, WHATSAPP)
        VALUES
        ('25260459', 3, 'MANNEH', '', 'GAGE', 'BAKAU KATCHICALLY', '7339185', '', 'HOUSE WIFE', 'PARENT', '', '', '', '', NULL, '7385190');
INSERT INTO STUDENT_ACADEMIC 
        (STUD_ID, S_ID, CLASS,PREV_SCHOOL,ACADEMIC_YEAR) 
        VALUES 
        ('25260459', 3,'1','NDOWS DAY CARE AND NURSEY SCHOOL','2025/2026 ACADEMIC YEAR');
INSERT INTO STUDENT_MEDICAL 
        (STUD_ID, S_ID, ALLERGY, CONDITION, MEDICATIONS) 
        VALUES 
        ('25260459', 3, 'None', 'None', 'None');
INSERT INTO STUDENT (STUD_ID, NAME, CREATE_DT, STATUS, S_ID, STDNUMBER) 
                VALUES ('25260460', 'HALIMA  TOURAY', TO_DATE('2025-08-13', 'YYYY-MM-DD'), 'REGISTERED', 3, '25260460');
INSERT INTO STUDENT_PERSONAL 
        (STUD_ID, S_ID, FIRSTNAME, MIDDLENAME, LASTNAME, GENDER, NATION, TRIBE, DOB, RELIGION) 
        VALUES 
        ('25260460', 3, 'HALIMA', '', 'TOURAY', 'FEMALE', 'GAMBIAN', 'MANDINKA', TO_DATE('2020-10-21', 'YYYY-MM-DD'), 'ISLAM');
INSERT INTO STUDENT_CONTACT 
        (STUD_ID, S_ID, HOME_ADD, EMAIL, PHONE, EMERGENCY, CONTACT_NAME) 
        VALUES 
        ('25260460', 3, 'LATRIKUNDA GERMAN', 'BINTOUTOURAY907@GMAIL.COM', '3726356', '3726356', 'Fatoumatta Touray');
INSERT INTO STUDENT_AUTHOURITY
        (STUD_ID, S_ID, FIRSTNAME, MIDDLENAME, LASTNAME, ADDRESS, PHONE, EMAIL, OCCUPATION, RELATION, FATHER, MOTHER, FATHER_OCCUP, MOTHER_OCCUP, PHOTO, WHATSAPP)
        VALUES
        ('25260460', 3, 'FATOUMATTA', '', 'TOURAY', 'LATRIKUNDA GERMAN', '3726356', 'BINTOUTOURAY907@GMAIL.COM', 'BUSSINESS WOMAN', 'PARENT', '', '', '', '', NULL, '3726356');
INSERT INTO STUDENT_ACADEMIC 
        (STUD_ID, S_ID, CLASS,PREV_SCHOOL,ACADEMIC_YEAR) 
        VALUES 
        ('25260460', 3,'1','NDOWS DAY CARE AND NURSEY SCHOOL','2025/2026 ACADEMIC YEAR');
INSERT INTO STUDENT_MEDICAL 
        (STUD_ID, S_ID, ALLERGY, CONDITION, MEDICATIONS) 
        VALUES 
        ('25260460', 3, 'None', 'None', 'None');
INSERT INTO STUDENT (STUD_ID, NAME, CREATE_DT, STATUS, S_ID, STDNUMBER) 
                VALUES ('25260461', 'MARIAMA  BAH', TO_DATE('2025-08-13', 'YYYY-MM-DD'), 'REGISTERED', 3, '25260461');
INSERT INTO STUDENT_PERSONAL 
        (STUD_ID, S_ID, FIRSTNAME, MIDDLENAME, LASTNAME, GENDER, NATION, TRIBE, DOB, RELIGION) 
        VALUES 
        ('25260461', 3, 'MARIAMA', '', 'BAH', 'FEMALE', 'GAMBIAN', 'FULA', TO_DATE('2020-08-22', 'YYYY-MM-DD'), 'ISLAM');
INSERT INTO STUDENT_CONTACT 
        (STUD_ID, S_ID, HOME_ADD, EMAIL, PHONE, EMERGENCY, CONTACT_NAME) 
        VALUES 
        ('25260461', 3, 'PIPELINE', 'ABDOULIEBAH85@GMAIL.COM', '2094478', '9825914', 'Abdoulie Bah');
INSERT INTO STUDENT_AUTHOURITY
        (STUD_ID, S_ID, FIRSTNAME, MIDDLENAME, LASTNAME, ADDRESS, PHONE, EMAIL, OCCUPATION, RELATION, FATHER, MOTHER, FATHER_OCCUP, MOTHER_OCCUP, PHOTO, WHATSAPP)
        VALUES
        ('25260461', 3, 'FATOUMATTA', '', 'BAH', 'PIPELINE', '7357587', 'ABDOULIEBAH85@GMAIL.COM', 'HOUSE WIFE', 'PARENT', '', '', '', '', NULL, '2094478');
INSERT INTO STUDENT_ACADEMIC 
        (STUD_ID, S_ID, CLASS,PREV_SCHOOL,ACADEMIC_YEAR) 
        VALUES 
        ('25260461', 3,'1','NDOWS DAY CARE AND NURSEY SCHOOL','2025/2026 ACADEMIC YEAR');
INSERT INTO STUDENT_MEDICAL 
        (STUD_ID, S_ID, ALLERGY, CONDITION, MEDICATIONS) 
        VALUES 
        ('25260461', 3, 'None', 'None', 'None');
INSERT INTO STUDENT (STUD_ID, NAME, CREATE_DT, STATUS, S_ID, STDNUMBER) 
                VALUES ('25260462', 'AWA SHERIFF KIJERA', TO_DATE('2025-08-13', 'YYYY-MM-DD'), 'REGISTERED', 3, '25260462');
INSERT INTO STUDENT_PERSONAL 
        (STUD_ID, S_ID, FIRSTNAME, MIDDLENAME, LASTNAME, GENDER, NATION, TRIBE, DOB, RELIGION) 
        VALUES 
        ('25260462', 3, 'AWA', 'SHERIFF', 'KIJERA', 'FEMALE', 'GAMBIAN', 'SERAHULI', TO_DATE('2020-10-14', 'YYYY-MM-DD'), 'ISLAM');
INSERT INTO STUDENT_CONTACT 
        (STUD_ID, S_ID, HOME_ADD, EMAIL, PHONE, EMERGENCY, CONTACT_NAME) 
        VALUES 
        ('25260462', 3, 'LATRIKUNDA GERMAN', 'SM.KIJERA@YAHOO.COM', '7774705', '7774705', 'Kasamanding Marong');
INSERT INTO STUDENT_AUTHOURITY
        (STUD_ID, S_ID, FIRSTNAME, MIDDLENAME, LASTNAME, ADDRESS, PHONE, EMAIL, OCCUPATION, RELATION, FATHER, MOTHER, FATHER_OCCUP, MOTHER_OCCUP, PHOTO, WHATSAPP)
        VALUES
        ('25260462', 3, 'KASAMANDING', '', 'MARONG', 'LATRIKUNDA GERMAN', '7774705', 'SM.KIJERA@YAHOO.COM', 'BUSSINESS WOMAN', 'PARENT', '', '', '', '', NULL, '7325873');
INSERT INTO STUDENT_ACADEMIC 
        (STUD_ID, S_ID, CLASS,PREV_SCHOOL,ACADEMIC_YEAR) 
        VALUES 
        ('25260462', 3,'1','NDOWS DAY CARE AND NURSEY SCHOOL','2025/2026 ACADEMIC YEAR');
INSERT INTO STUDENT_MEDICAL 
        (STUD_ID, S_ID, ALLERGY, CONDITION, MEDICATIONS) 
        VALUES 
        ('25260462', 3, 'None', 'None', 'None');
INSERT INTO STUDENT (STUD_ID, NAME, CREATE_DT, STATUS, S_ID, STDNUMBER) 
                VALUES ('25260463', 'FATOUMATTA BINTOU BETTY CHAM', TO_DATE('2025-08-13', 'YYYY-MM-DD'), 'REGISTERED', 3, '25260463');
INSERT INTO STUDENT_PERSONAL 
        (STUD_ID, S_ID, FIRSTNAME, MIDDLENAME, LASTNAME, GENDER, NATION, TRIBE, DOB, RELIGION) 
        VALUES 
        ('25260463', 3, 'FATOUMATTA', 'BINTOU BETTY', 'CHAM', 'FEMALE', 'GAMBIAN', 'MANDINKA', TO_DATE('2020-11-25', 'YYYY-MM-DD'), 'ISLAM');
INSERT INTO STUDENT_CONTACT 
        (STUD_ID, S_ID, HOME_ADD, EMAIL, PHONE, EMERGENCY, CONTACT_NAME) 
        VALUES 
        ('25260463', 3, 'KANIFING ESTATE', 'HADDIJTOUANDREWS@GMAIL.COM', '3530704', '2047313', 'Haddijatou Andrews');
INSERT INTO STUDENT_AUTHOURITY
        (STUD_ID, S_ID, FIRSTNAME, MIDDLENAME, LASTNAME, ADDRESS, PHONE, EMAIL, OCCUPATION, RELATION, FATHER, MOTHER, FATHER_OCCUP, MOTHER_OCCUP, PHOTO, WHATSAPP)
        VALUES
        ('25260463', 3, 'HADDIJATOU', '', 'ANDREWS', 'KANIFING ESTATE', '3530704', 'HADDIJATOUANDREWS@GMAIL.COM', 'BUSSINESS WOMAN', 'PARENT', '', '', '', '', NULL, '3047313');
INSERT INTO STUDENT_ACADEMIC 
        (STUD_ID, S_ID, CLASS,PREV_SCHOOL,ACADEMIC_YEAR) 
        VALUES 
        ('25260463', 3,'1','NDOWS DAY CARE AND NURSEY SCHOOL','2025/2026 ACADEMIC YEAR');
INSERT INTO STUDENT_MEDICAL 
        (STUD_ID, S_ID, ALLERGY, CONDITION, MEDICATIONS) 
        VALUES 
        ('25260463', 3, 'None', 'None', 'None');
INSERT INTO STUDENT (STUD_ID, NAME, CREATE_DT, STATUS, S_ID, STDNUMBER) 
                VALUES ('25260464', 'SAIKOU  MANNEH', TO_DATE('2025-08-13', 'YYYY-MM-DD'), 'REGISTERED', 3, '25260464');
INSERT INTO STUDENT_PERSONAL 
        (STUD_ID, S_ID, FIRSTNAME, MIDDLENAME, LASTNAME, GENDER, NATION, TRIBE, DOB, RELIGION) 
        VALUES 
        ('25260464', 3, 'SAIKOU', '', 'MANNEH', 'MALE', 'GAMBIAN', 'MANDINKA', TO_DATE('2020-06-05', 'YYYY-MM-DD'), 'ISLAM');
INSERT INTO STUDENT_CONTACT 
        (STUD_ID, S_ID, HOME_ADD, EMAIL, PHONE, EMERGENCY, CONTACT_NAME) 
        VALUES 
        ('25260464', 3, 'WESTFIELD', '', '7177711', '7177711', 'Mariama Malou');
INSERT INTO STUDENT_AUTHOURITY
        (STUD_ID, S_ID, FIRSTNAME, MIDDLENAME, LASTNAME, ADDRESS, PHONE, EMAIL, OCCUPATION, RELATION, FATHER, MOTHER, FATHER_OCCUP, MOTHER_OCCUP, PHOTO, WHATSAPP)
        VALUES
        ('25260464', 3, 'MARIAMA', '', 'MALOU', 'WESTFIELD', '7177711', '', 'CASHIER', 'PARENT', '', '', '', '', NULL, '2798697');
INSERT INTO STUDENT_ACADEMIC 
        (STUD_ID, S_ID, CLASS,PREV_SCHOOL,ACADEMIC_YEAR) 
        VALUES 
        ('25260464', 3,'1','NDOWS DAY CARE AND NURSEY SCHOOL','2025/2026 ACADEMIC YEAR');
INSERT INTO STUDENT_MEDICAL 
        (STUD_ID, S_ID, ALLERGY, CONDITION, MEDICATIONS) 
        VALUES 
        ('25260464', 3, 'None', 'None', 'None');
INSERT INTO STUDENT (STUD_ID, NAME, CREATE_DT, STATUS, S_ID, STDNUMBER) 
                VALUES ('25260465', 'DESMOND KWAME MENDY', TO_DATE('2025-08-13', 'YYYY-MM-DD'), 'REGISTERED', 3, '25260465');
INSERT INTO STUDENT_PERSONAL 
        (STUD_ID, S_ID, FIRSTNAME, MIDDLENAME, LASTNAME, GENDER, NATION, TRIBE, DOB, RELIGION) 
        VALUES 
        ('25260465', 3, 'DESMOND', 'KWAME', 'MENDY', 'MALE', 'GAMBIAN', 'MANJAGO', TO_DATE('2020-01-22', 'YYYY-MM-DD'), 'CHRISTIANITY');
INSERT INTO STUDENT_CONTACT 
        (STUD_ID, S_ID, HOME_ADD, EMAIL, PHONE, EMERGENCY, CONTACT_NAME) 
        VALUES 
        ('25260465', 3, 'NEW JESHWANG', 'NDAYEMARIE4@GMAIL.COM', '7890383', '7890383', 'Marie Ndaye');
INSERT INTO STUDENT_AUTHOURITY
        (STUD_ID, S_ID, FIRSTNAME, MIDDLENAME, LASTNAME, ADDRESS, PHONE, EMAIL, OCCUPATION, RELATION, FATHER, MOTHER, FATHER_OCCUP, MOTHER_OCCUP, PHOTO, WHATSAPP)
        VALUES
        ('25260465', 3, 'MARIE', '', 'NDAYE', 'NEW JESHWANG', '7890383', 'NDAYEMRIE4@GMAIL.COM', 'TEACHING', 'PARENT', '', '', '', '', NULL, '7890383');
INSERT INTO STUDENT_ACADEMIC 
        (STUD_ID, S_ID, CLASS,PREV_SCHOOL,ACADEMIC_YEAR) 
        VALUES 
        ('25260465', 3,'1','NDOWS DAY CARE AND NURSEY SCHOOL','2025/2026 ACADEMIC YEAR');
INSERT INTO STUDENT_MEDICAL 
        (STUD_ID, S_ID, ALLERGY, CONDITION, MEDICATIONS) 
        VALUES 
        ('25260465', 3, 'None', 'None', 'None');
INSERT INTO STUDENT (STUD_ID, NAME, CREATE_DT, STATUS, S_ID, STDNUMBER) 
                VALUES ('25260466', 'DAWDA  SECKA', TO_DATE('2025-08-13', 'YYYY-MM-DD'), 'REGISTERED', 3, '25260466');
INSERT INTO STUDENT_PERSONAL 
        (STUD_ID, S_ID, FIRSTNAME, MIDDLENAME, LASTNAME, GENDER, NATION, TRIBE, DOB, RELIGION) 
        VALUES 
        ('25260466', 3, 'DAWDA', '', 'SECKA', 'MALE', 'GAMBIAN', 'WOLOF', TO_DATE('2019-08-09', 'YYYY-MM-DD'), 'ISLAM');
INSERT INTO STUDENT_CONTACT 
        (STUD_ID, S_ID, HOME_ADD, EMAIL, PHONE, EMERGENCY, CONTACT_NAME) 
        VALUES 
        ('25260466', 3, 'LATRIKUNDA GERMAN', '', '2099971', '7875336', 'Cya Jatta');
INSERT INTO STUDENT_AUTHOURITY
        (STUD_ID, S_ID, FIRSTNAME, MIDDLENAME, LASTNAME, ADDRESS, PHONE, EMAIL, OCCUPATION, RELATION, FATHER, MOTHER, FATHER_OCCUP, MOTHER_OCCUP, PHOTO, WHATSAPP)
        VALUES
        ('25260466', 3, 'CYA', '', 'JATTA', 'LATRIKUNDA GERMAN', '2099971', '', 'HOUSE WIFE', 'PARENT', '', '', '', '', NULL, '7064523');
INSERT INTO STUDENT_ACADEMIC 
        (STUD_ID, S_ID, CLASS,PREV_SCHOOL,ACADEMIC_YEAR) 
        VALUES 
        ('25260466', 3,'1','NDOWS DAY CARE AND NURSEY SCHOOL','2025/2026 ACADEMIC YEAR');
INSERT INTO STUDENT_MEDICAL 
        (STUD_ID, S_ID, ALLERGY, CONDITION, MEDICATIONS) 
        VALUES 
        ('25260466', 3, 'None', 'None', 'None');
INSERT INTO STUDENT (STUD_ID, NAME, CREATE_DT, STATUS, S_ID, STDNUMBER) 
                VALUES ('25260467', 'MUHAMMED  BADJIE', TO_DATE('2025-08-13', 'YYYY-MM-DD'), 'REGISTERED', 3, '25260467');
INSERT INTO STUDENT_PERSONAL 
        (STUD_ID, S_ID, FIRSTNAME, MIDDLENAME, LASTNAME, GENDER, NATION, TRIBE, DOB, RELIGION) 
        VALUES 
        ('25260467', 3, 'MUHAMMED', '', 'BADJIE', 'MALE', 'GAMBIAN', 'JOLA', TO_DATE('2020-07-01', 'YYYY-MM-DD'), 'ISLAM');
INSERT INTO STUDENT_CONTACT 
        (STUD_ID, S_ID, HOME_ADD, EMAIL, PHONE, EMERGENCY, CONTACT_NAME) 
        VALUES 
        ('25260467', 3, 'KANIFING SOUTH', 'JARRA.NDURE@ICLOUD.COM', '2692629', '2692629', 'Mamjarra Ndure');
INSERT INTO STUDENT_AUTHOURITY
        (STUD_ID, S_ID, FIRSTNAME, MIDDLENAME, LASTNAME, ADDRESS, PHONE, EMAIL, OCCUPATION, RELATION, FATHER, MOTHER, FATHER_OCCUP, MOTHER_OCCUP, PHOTO, WHATSAPP)
        VALUES
        ('25260467', 3, 'MAMJARRA', '', 'NDURE', 'KANIFING SOUTH', '2692629', 'JARRA.NDURE@ICLOUD.COM', 'BUSSINESS WOMAN', 'PARENT', '', '', '', '', NULL, '2692629');
INSERT INTO STUDENT_ACADEMIC 
        (STUD_ID, S_ID, CLASS,PREV_SCHOOL,ACADEMIC_YEAR) 
        VALUES 
        ('25260467', 3,'1','NDOWS DAY CARE AND NURSEY SCHOOL','2025/2026 ACADEMIC YEAR');
INSERT INTO STUDENT_MEDICAL 
        (STUD_ID, S_ID, ALLERGY, CONDITION, MEDICATIONS) 
        VALUES 
        ('25260467', 3, 'None', 'None', 'None');
INSERT INTO STUDENT (STUD_ID, NAME, CREATE_DT, STATUS, S_ID, STDNUMBER) 
                VALUES ('25260468', 'MANSOUR  JAMMEH', TO_DATE('2025-08-13', 'YYYY-MM-DD'), 'REGISTERED', 3, '25260468');
INSERT INTO STUDENT_PERSONAL 
        (STUD_ID, S_ID, FIRSTNAME, MIDDLENAME, LASTNAME, GENDER, NATION, TRIBE, DOB, RELIGION) 
        VALUES 
        ('25260468', 3, 'MANSOUR', '', 'JAMMEH', 'MALE', 'GAMBIAN', 'MANDINKA', TO_DATE('2020-11-29', 'YYYY-MM-DD'), 'ISLAM');
INSERT INTO STUDENT_CONTACT 
        (STUD_ID, S_ID, HOME_ADD, EMAIL, PHONE, EMERGENCY, CONTACT_NAME) 
        VALUES 
        ('25260468', 3, 'WELLINGARA', 'AJAMMEH@CBG.GMAIL.COM', '7007840', '7007840', 'Saffiatou Sonko');
INSERT INTO STUDENT_AUTHOURITY
        (STUD_ID, S_ID, FIRSTNAME, MIDDLENAME, LASTNAME, ADDRESS, PHONE, EMAIL, OCCUPATION, RELATION, FATHER, MOTHER, FATHER_OCCUP, MOTHER_OCCUP, PHOTO, WHATSAPP)
        VALUES
        ('25260468', 3, 'SAFFIATOU', '', 'SONKO', 'WELLINGARA', '7007840', 'AJAMMEH@CBG.GMAIL.COM', 'HOUSE WIFE', 'PARENT', '', '', '', '', NULL, '7007840');
INSERT INTO STUDENT_ACADEMIC 
        (STUD_ID, S_ID, CLASS,PREV_SCHOOL,ACADEMIC_YEAR) 
        VALUES 
        ('25260468', 3,'1','NDOWS DAY CARE AND NURSEY SCHOOL','2025/2026 ACADEMIC YEAR');
INSERT INTO STUDENT_MEDICAL 
        (STUD_ID, S_ID, ALLERGY, CONDITION, MEDICATIONS) 
        VALUES 
        ('25260468', 3, 'None', 'None', 'None');
INSERT INTO STUDENT (STUD_ID, NAME, CREATE_DT, STATUS, S_ID, STDNUMBER) 
                VALUES ('25260469', 'YUSUPHA  CHAM', TO_DATE('2025-08-13', 'YYYY-MM-DD'), 'REGISTERED', 3, '25260469');
INSERT INTO STUDENT_PERSONAL 
        (STUD_ID, S_ID, FIRSTNAME, MIDDLENAME, LASTNAME, GENDER, NATION, TRIBE, DOB, RELIGION) 
        VALUES 
        ('25260469', 3, 'YUSUPHA', '', 'CHAM', 'MALE', 'GAMBIAN', 'MANDINKA', TO_DATE('2020-04-12', 'YYYY-MM-DD'), 'ISLAM');
INSERT INTO STUDENT_CONTACT 
        (STUD_ID, S_ID, HOME_ADD, EMAIL, PHONE, EMERGENCY, CONTACT_NAME) 
        VALUES 
        ('25260469', 3, 'SINCHU ALHAGI', 'BAI.CHAM@GAMBIACCM.GMAIL.COM', '30547266', '30547266', 'Bai cham');
INSERT INTO STUDENT_AUTHOURITY
        (STUD_ID, S_ID, FIRSTNAME, MIDDLENAME, LASTNAME, ADDRESS, PHONE, EMAIL, OCCUPATION, RELATION, FATHER, MOTHER, FATHER_OCCUP, MOTHER_OCCUP, PHOTO, WHATSAPP)
        VALUES
        ('25260469', 3, 'MARIAMA', '', 'HYDARA', 'SINCHU ALHAGI', '30547266', 'BAI.CHAM@GAMBIACCM.GMAIL.COM', 'HOUSE WIFE', 'PARENT', '', '', '', '', NULL, '30547266');
INSERT INTO STUDENT_ACADEMIC 
        (STUD_ID, S_ID, CLASS,PREV_SCHOOL,ACADEMIC_YEAR) 
        VALUES 
        ('25260469', 3,'1','NDOWS DAY CARE AND NURSEY SCHOOL','2025/2026 ACADEMIC YEAR');
INSERT INTO STUDENT_MEDICAL 
        (STUD_ID, S_ID, ALLERGY, CONDITION, MEDICATIONS) 
        VALUES 
        ('25260469', 3, 'None', 'None', 'None');
INSERT INTO STUDENT (STUD_ID, NAME, CREATE_DT, STATUS, S_ID, STDNUMBER) 
                VALUES ('25260470', 'NDENEH DODOU TAMBEDOU', TO_DATE('2025-08-13', 'YYYY-MM-DD'), 'REGISTERED', 3, '25260470');
INSERT INTO STUDENT_PERSONAL 
        (STUD_ID, S_ID, FIRSTNAME, MIDDLENAME, LASTNAME, GENDER, NATION, TRIBE, DOB, RELIGION) 
        VALUES 
        ('25260470', 3, 'NDENEH', 'DODOU', 'TAMBEDOU', 'MALE', 'GAMBIAN', 'WOLOF', TO_DATE('2020-01-23', 'YYYY-MM-DD'), 'ISLAM');
INSERT INTO STUDENT_CONTACT 
        (STUD_ID, S_ID, HOME_ADD, EMAIL, PHONE, EMERGENCY, CONTACT_NAME) 
        VALUES 
        ('25260470', 3, 'BRUFUT', 'NYIMSTOURAY@GMAIL.COM', '7907541', '7907541', 'Nyima Touray');
INSERT INTO STUDENT_AUTHOURITY
        (STUD_ID, S_ID, FIRSTNAME, MIDDLENAME, LASTNAME, ADDRESS, PHONE, EMAIL, OCCUPATION, RELATION, FATHER, MOTHER, FATHER_OCCUP, MOTHER_OCCUP, PHOTO, WHATSAPP)
        VALUES
        ('25260470', 3, 'NYIMA', '', 'TOURAY', 'BRUFUT', '7907541', 'NYIMSTOURAY@GMAIL.COM', 'SUPERVISOR ', 'PARENT', '', '', '', '', NULL, '7907541');
INSERT INTO STUDENT_ACADEMIC 
        (STUD_ID, S_ID, CLASS,PREV_SCHOOL,ACADEMIC_YEAR) 
        VALUES 
        ('25260470', 3,'1','NDOWS DAY CARE AND NURSEY SCHOOL','2025/2026 ACADEMIC YEAR');
INSERT INTO STUDENT_MEDICAL 
        (STUD_ID, S_ID, ALLERGY, CONDITION, MEDICATIONS) 
        VALUES 
        ('25260470', 3, 'None', 'None', 'None');
INSERT INTO STUDENT (STUD_ID, NAME, CREATE_DT, STATUS, S_ID, STDNUMBER) 
                VALUES ('25260471', 'CHERNO EBRIMA TOURAY', TO_DATE('2025-08-13', 'YYYY-MM-DD'), 'REGISTERED', 3, '25260471');
INSERT INTO STUDENT_PERSONAL 
        (STUD_ID, S_ID, FIRSTNAME, MIDDLENAME, LASTNAME, GENDER, NATION, TRIBE, DOB, RELIGION) 
        VALUES 
        ('25260471', 3, 'CHERNO', 'EBRIMA', 'TOURAY', 'MALE', 'GAMBIAN', 'MANDINKA', TO_DATE('2019-06-28', 'YYYY-MM-DD'), 'ISLAM');
INSERT INTO STUDENT_CONTACT 
        (STUD_ID, S_ID, HOME_ADD, EMAIL, PHONE, EMERGENCY, CONTACT_NAME) 
        VALUES 
        ('25260471', 3, 'LATRIKUNDA GERMAN', 'MARIEMENDY749@GMAIL.COM', '7325624', '7325624', 'Ebrima Touray');
INSERT INTO STUDENT_AUTHOURITY
        (STUD_ID, S_ID, FIRSTNAME, MIDDLENAME, LASTNAME, ADDRESS, PHONE, EMAIL, OCCUPATION, RELATION, FATHER, MOTHER, FATHER_OCCUP, MOTHER_OCCUP, PHOTO, WHATSAPP)
        VALUES
        ('25260471', 3, 'EBRIMA', '', 'TOURAY', 'LATRIKUNDA GERMAN', '7325624', 'MARIEMENDY749@GMAIL.COM', 'CIVIL SERVANT', 'PARENT', '', '', '', '', NULL, '7325624');
INSERT INTO STUDENT_ACADEMIC 
        (STUD_ID, S_ID, CLASS,PREV_SCHOOL,ACADEMIC_YEAR) 
        VALUES 
        ('25260471', 3,'1','NDOWS DAY CARE AND NURSEY SCHOOL','2025/2026 ACADEMIC YEAR');
INSERT INTO STUDENT_MEDICAL 
        (STUD_ID, S_ID, ALLERGY, CONDITION, MEDICATIONS) 
        VALUES 
        ('25260471', 3, 'None', 'None', 'None');
INSERT INTO STUDENT (STUD_ID, NAME, CREATE_DT, STATUS, S_ID, STDNUMBER) 
                VALUES ('25260472', 'ABUBCARR  SAMBOU', TO_DATE('2025-08-13', 'YYYY-MM-DD'), 'REGISTERED', 3, '25260472');
INSERT INTO STUDENT_PERSONAL 
        (STUD_ID, S_ID, FIRSTNAME, MIDDLENAME, LASTNAME, GENDER, NATION, TRIBE, DOB, RELIGION) 
        VALUES 
        ('25260472', 3, 'ABUBCARR', '', 'SAMBOU', 'MALE', 'GAMBIAN', 'MANDINKA', TO_DATE('2019-02-09', 'YYYY-MM-DD'), 'ISLAM');
INSERT INTO STUDENT_CONTACT 
        (STUD_ID, S_ID, HOME_ADD, EMAIL, PHONE, EMERGENCY, CONTACT_NAME) 
        VALUES 
        ('25260472', 3, 'BAKAU', '', '3337096', '3337096', 'Mariama Jaiteh');
INSERT INTO STUDENT_AUTHOURITY
        (STUD_ID, S_ID, FIRSTNAME, MIDDLENAME, LASTNAME, ADDRESS, PHONE, EMAIL, OCCUPATION, RELATION, FATHER, MOTHER, FATHER_OCCUP, MOTHER_OCCUP, PHOTO, WHATSAPP)
        VALUES
        ('25260472', 3, 'MARIAMA', '', 'JAITEH', 'BAKAU', '3337096', '', 'BUSSINESS WOMAN', 'PARENT', '', '', '', '', NULL, '9370151');
INSERT INTO STUDENT_ACADEMIC 
        (STUD_ID, S_ID, CLASS,PREV_SCHOOL,ACADEMIC_YEAR) 
        VALUES 
        ('25260472', 3,'1','NDOWS DAY CARE AND NURSEY SCHOOL','2025/2026 ACADEMIC YEAR');
INSERT INTO STUDENT_MEDICAL 
        (STUD_ID, S_ID, ALLERGY, CONDITION, MEDICATIONS) 
        VALUES 
        ('25260472', 3, 'None', 'None', 'None');
